{"id":940,"date":"2025-09-29T11:56:52","date_gmt":"2025-09-29T08:56:52","guid":{"rendered":"https:\/\/dev.mvg.mruni.eu\/?post_type=product&#038;p=940"},"modified":"2026-01-23T10:46:33","modified_gmt":"2026-01-23T08:46:33","slug":"kriziu-psichologija-ir-konfliktu-sprendimas-6-akad-val","status":"publish","type":"product","link":"https:\/\/dev.mvg.mruni.eu\/?product=kriziu-psichologija-ir-konfliktu-sprendimas-6-akad-val","title":{"rendered":"KRIZI\u0172 PSICHOLOGIJA IR KONFLIKT\u0172 SPRENDIMAS (6 akad. val.) Lekt. Roberta Petkevi\u010di\u016bt\u0117"},"content":{"rendered":"<p><strong>,,Krizi\u0173 psichologija ir konflikt\u0173 sprendimas\u201c <\/strong><\/p>\n<p><strong>Trukm\u0117: <\/strong>6 akad. val.<\/p>\n<p><strong>APIE LEKTOR\u0118<\/strong><\/p>\n<p>Lektor\u0117 psicholog\u0117 Roberta Petkevi\u010di\u016bt\u0117, Lietuvos policijos departamento prie LR VRM psicholog\u0117, anks\u010diau \u0117jusi Lietuvos probacijos tarnybos mediator\u0117s pareigas, teis\u0117s psicholog\u0117, MRU lektor\u0117, Lietuvos mediatori\u0173 r\u016bm\u0173 nar\u0117, MRU d\u0117stytoja. Teikia mediacijos paslaugas baud\u017eiamosios teis\u0117s srityje, oranizacin\u0119 mediacij\u0105, konsultuoja organizacijas psichologin\u0117mis temomis. Turi 7 met\u0173 patirt\u012f mediacijos veikloje. Mediacij\u0105 taik\u0117 daugiau nei 900 gin\u010d\u0173. Nuolat kelia kompetencij\u0105 mediacijos ir psichologijos srityse.<\/p>\n<p><strong>APIE MOKYMUS<\/strong><\/p>\n<p>Mokymai \u201eKrizi\u0173 psichologija ir konflikt\u0173 sprendimas\u201c skirti siekiant geriau suprasti psichologines krizes, atpa\u017einti riziking\u0105 elges\u012f klientuose ir efektyviai spr\u0119sti konfliktines situacijas. Dalyviai \u012fgis praktini\u0173 \u012fg\u016bd\u017ei\u0173 pirmosios pagalbos kriz\u0117s atvejais, konflikt\u0173 prevencijos bei deeskalacijos srityje, taip pat mokysis valdyti asmenin\u0119 \u012ftamp\u0105 ir i\u0161laikyti profesionalias ribas.<\/p>\n<p><strong>Pagrindin\u0117s temos:<\/strong><\/p>\n<p><strong>Psichologin\u0117 kriz\u0117<\/strong><\/p>\n<p>\ud83d\udfe0 Kas yra kriz\u0117 ir jos skirtumas nuo streso bei traumos.<\/p>\n<p>\ud83d\udfe0 Kriz\u0117s eiga ir psichologin\u0117s reakcijos.<\/p>\n<p>\ud83d\udfe0 Rizikos po\u017eymiai (savi\u017eala, agresija).<\/p>\n<p><strong>Pagalbos principai<\/strong><\/p>\n<p>\ud83d\udfe0 Pirmosios psichologin\u0117s pagalbos suteikimas.<\/p>\n<p>\ud83d\udfe0 Tinkama komunikacija su \u017emogumi kriz\u0117je.<\/p>\n<p><strong>Konflikt\u0173 dinamika ir sprendimas<\/strong><\/p>\n<p>\ud83d\udfe0 Konflikt\u0173 \u0161altiniai probacijos darbe.<\/p>\n<p>\ud83d\udfe0 Konflikt\u0173 prevencija ir deeskalacija.<\/p>\n<p>\ud83d\udfe0 Praktiniai \u012frankiai: aktyvus klausymasis, \u201ea\u0161\u201c \u017einut\u0117s, \u012ftampos ma\u017einimo technikos.<\/p>\n<p><strong>Praktin\u0117 analiz\u0117 ir \u012frankiai<\/strong><\/p>\n<p>\ud83d\udfe0 Atvej\u0173 nagrin\u0117jimas ir sprendim\u0173 diskusija.<\/p>\n<p>\ud83d\udfe0 Asmenin\u0117s \u012ftampos valdymo technikos (grounding, kv\u0117pavimas).<\/p>\n<p>\ud83d\udfe0 Kasdieniai \u012frankiai: \u201eSTOP\u201c metodas, \u201eDeeskalacijos \u017eingsniai\u201c.<\/p>\n<p>&nbsp;<\/p>\n<p>&nbsp;<\/p>\n<p><strong>PRAKTIN\u0116 INFORMACIJA<\/strong><\/p>\n<p><strong>Vieta:<\/strong> visi miestai (kontaktiniai arba nuotoliniai mokymai)<\/p>\n<p><strong>Dalyviams i\u0161duodami kvalifikacijos pa\u017eym\u0117jimai.<\/strong><\/p>\n<p>&nbsp;<\/p>\n<p><strong>D\u0116L MOKYM\u0172 TEIRAUTIS<\/strong><\/p>\n<div class=\"location-map block\"><strong>El. pa\u0161tu:<\/strong> sonata.urbone@mruni.eu<\/div>\n<div class=\"location-map block\"><strong>mob. tel.<\/strong> +370 600 69018<\/div>\n<div><\/div>\n<div><img loading=\"lazy\" decoding=\"async\" class=\"alignnone wp-image-552\" src=\"https:\/\/dev.mvg.mruni.eu\/wp-content\/uploads\/2025\/09\/Orange-White-Simple-Circle-Rice-Bowl-Logo-300x125.png\" alt=\"\" width=\"197\" height=\"82\" srcset=\"https:\/\/dev.mvg.mruni.eu\/wp-content\/uploads\/2025\/09\/Orange-White-Simple-Circle-Rice-Bowl-Logo-300x125.png 300w, https:\/\/dev.mvg.mruni.eu\/wp-content\/uploads\/2025\/09\/Orange-White-Simple-Circle-Rice-Bowl-Logo.png 359w\" sizes=\"auto, (max-width: 197px) 100vw, 197px\" \/><\/div>\n","protected":false},"excerpt":{"rendered":"<p>,,Krizi\u0173 psichologija ir konflikt\u0173 sprendimas\u201c Trukm\u0117: 6 akad. val. APIE LEKTOR\u0118 Lektor\u0117 psicholog\u0117 Roberta Petkevi\u010di\u016bt\u0117, Lietuvos policijos departamento prie LR VRM psicholog\u0117, anks\u010diau \u0117jusi Lietuvos probacijos tarnybos mediator\u0117s pareigas, teis\u0117s psicholog\u0117, MRU lektor\u0117, Lietuvos mediatori\u0173 r\u016bm\u0173 nar\u0117, MRU d\u0117stytoja. Teikia mediacijos paslaugas baud\u017eiamosios teis\u0117s srityje, oranizacin\u0119 mediacij\u0105, konsultuoja organizacijas psichologin\u0117mis temomis. Turi 7 met\u0173 patirt\u012f [&hellip;]<\/p>\n","protected":false},"featured_media":942,"comment_status":"open","ping_status":"closed","template":"","meta":[],"product_brand":[],"product_cat":[36],"product_tag":[],"class_list":{"0":"post-940","1":"product","2":"type-product","3":"status-publish","4":"has-post-thumbnail","6":"product_cat-psichologijos-mokymai","8":"first","9":"outofstock","10":"taxable","11":"shipping-taxable","12":"product-type-simple"},"_links":{"self":[{"href":"https:\/\/dev.mvg.mruni.eu\/index.php?rest_route=\/wp\/v2\/product\/940","targetHints":{"allow":["GET"]}}],"collection":[{"href":"https:\/\/dev.mvg.mruni.eu\/index.php?rest_route=\/wp\/v2\/product"}],"about":[{"href":"https:\/\/dev.mvg.mruni.eu\/index.php?rest_route=\/wp\/v2\/types\/product"}],"replies":[{"embeddable":true,"href":"https:\/\/dev.mvg.mruni.eu\/index.php?rest_route=%2Fwp%2Fv2%2Fcomments&post=940"}],"wp:featuredmedia":[{"embeddable":true,"href":"https:\/\/dev.mvg.mruni.eu\/index.php?rest_route=\/wp\/v2\/media\/942"}],"wp:attachment":[{"href":"https:\/\/dev.mvg.mruni.eu\/index.php?rest_route=%2Fwp%2Fv2%2Fmedia&parent=940"}],"wp:term":[{"taxonomy":"product_brand","embeddable":true,"href":"https:\/\/dev.mvg.mruni.eu\/index.php?rest_route=%2Fwp%2Fv2%2Fproduct_brand&post=940"},{"taxonomy":"product_cat","embeddable":true,"href":"https:\/\/dev.mvg.mruni.eu\/index.php?rest_route=%2Fwp%2Fv2%2Fproduct_cat&post=940"},{"taxonomy":"product_tag","embeddable":true,"href":"https:\/\/dev.mvg.mruni.eu\/index.php?rest_route=%2Fwp%2Fv2%2Fproduct_tag&post=940"}],"curies":[{"name":"wp","href":"https:\/\/api.w.org\/{rel}","templated":true}]}}