{"id":655,"date":"2025-09-22T09:45:52","date_gmt":"2025-09-22T06:45:52","guid":{"rendered":"https:\/\/dev.mvg.mruni.eu\/?post_type=product&#038;p=655"},"modified":"2026-01-23T11:10:34","modified_gmt":"2026-01-23T09:10:34","slug":"projektu-inicijavimas-ir-igyvendinimas-6-akad-val","status":"publish","type":"product","link":"https:\/\/dev.mvg.mruni.eu\/?product=projektu-inicijavimas-ir-igyvendinimas-6-akad-val","title":{"rendered":"PROJEKT\u0172 INICIJAVIMAS IR \u012eGYVENDINIMAS (6 akad. val.) Prof. dr. Birut\u0117 Mockevi\u010dien\u0117"},"content":{"rendered":"<p><strong>,,Projekt\u0173 inicijavimas ir \u012fgyvendinimas\u201c<\/strong><\/p>\n<p><strong>Trukm\u0117:<\/strong> 6 akad. val.<\/p>\n<p><strong>APIE LEKTOR\u0118<\/strong><\/p>\n<p><strong>Prof. dr. Birut\u0117 Mockevi\u010dien\u0117 <\/strong>dirba MRU Vie\u0161ojo valdymo ir politikos fakultete vadybos profesore. Universitete dirba su magistrantais ir doktorantais sprendim\u0173 pri\u0117mimo, kokyb\u0117s valdymo ir projekt\u0173 valdymo srityse. Ji nuolat inicijuoja mokslini\u0173 tyrim\u0173 projektus ir konsultuoja \u012fmones, tame tarpe ir gamybos. Rodikli\u0173 klausimas nuolat yra konsultacij\u0173 objektas. Ji yra nuolatin\u0117 ekspert\u0117 Europos Komisijoje vertinant \u012fvairi\u0173 program\u0173 projektus. Ji yra vadov\u0117lio apie sprendim\u0173 pri\u0117mim\u0105 autor\u0117, kuris tapo populiarus ne tik tarp magistrant\u016bros student\u0173, bet ir praktik\u0173, dirban\u010di\u0173 versle bei vie\u0161ajame administravime.<\/p>\n<p><strong>APIE MOKYMUS<\/strong><\/p>\n<p><strong>Mokym\u0173 aktualumas: <\/strong><\/p>\n<p>Kasdienin\u0117 m\u016bs\u0173 veikla vis da\u017eniau vykdoma kaip trumpalaik\u0117s veiklos su labai konkre\u010diai apibr\u0117\u017etais tikslais, da\u017eniausia formuluojamais pirm\u0105 kart\u0105. Laikinumas ir unikali veikla yra pagrindinis projekto po\u017eymis. Tad kaip organizuoti visi\u0161kai naujas, n\u0117 karto ne\u012fgyvendintas veiklas tiksliai, efektyviai ir per trumpiausi\u0105 laik\u0105 gali pad\u0117ti projekt\u0173 valdymo \u017einios. Mokysim\u0117s ne tik \u012fgyvendinti projekt\u0105, bet ir j\u012f planuoti, susikurti projekto tiksl\u0173 pasiekiamumo rodiklius ir juos apra\u0161yti. Taip pat sudarin\u0117sime Ganto ir kitas diagramas tam, kad v\u0117liau gal\u0117tume sekti savo projekto \u012fgyvendinim\u0105. Taip pat aptarsime kaip ruo\u0161ti projektines parai\u0161kas pagal finansuotojo taisykles, siekiant surasti kuo inovatyvesnes id\u0117jas.<\/p>\n<p><strong>Mokym\u0173 tikslin\u0117 grup\u0117:<\/strong><\/p>\n<p>K\u016brybini\u0173 sektori\u0173 darbuotojai, technologini\u0173 \u012fmoni\u0173 darbuotojai ir visi kiti, kuriems tenka dirbti projektin\u0117je aplinkoje.<\/p>\n<p><strong>Mokym\u0173 programa:<\/strong><\/p>\n<p>\ud83d\udfe0 Projektin\u0117 organizacija ir projekt\u0173 portfelis.<\/p>\n<p>\ud83d\udfe0 Projekto veikl\u0173 eili\u0161kumas ir efektyvumas.<\/p>\n<p>\ud83d\udfe0 Finansuojan\u010di\u0173 organizacij\u0173 prioritetai ir inovatyvi\u0173 id\u0117j\u0173 paie\u0161ka.<\/p>\n<p>&nbsp;<\/p>\n<p>&nbsp;<\/p>\n<p><strong>PRAKTIN\u0116 INFORMACIJA<\/strong><\/p>\n<p><strong>Vieta:<\/strong> visi miestai (kontaktiniai arba nuotoliniai mokymai)<\/p>\n<p><strong>Dalyviams i\u0161duodami kvalifikacijos pa\u017eym\u0117jimai.<\/strong><\/p>\n<p>&nbsp;<\/p>\n<p><strong>D\u0116L MOKYM\u0172 TEIRAUTIS<\/strong><\/p>\n<div class=\"location-map block\"><strong>El. pa\u0161tu:<\/strong> sonata.urbone@mruni.eu<\/div>\n<div class=\"location-map block\"><strong>mob. tel.<\/strong> +370 600 69018<\/div>\n<div><\/div>\n<div><img loading=\"lazy\" decoding=\"async\" class=\"alignnone wp-image-552\" src=\"https:\/\/dev.mvg.mruni.eu\/wp-content\/uploads\/2025\/09\/Orange-White-Simple-Circle-Rice-Bowl-Logo-300x125.png\" alt=\"\" width=\"197\" height=\"82\" srcset=\"https:\/\/dev.mvg.mruni.eu\/wp-content\/uploads\/2025\/09\/Orange-White-Simple-Circle-Rice-Bowl-Logo-300x125.png 300w, https:\/\/dev.mvg.mruni.eu\/wp-content\/uploads\/2025\/09\/Orange-White-Simple-Circle-Rice-Bowl-Logo.png 359w\" sizes=\"auto, (max-width: 197px) 100vw, 197px\" \/><\/div>\n","protected":false},"excerpt":{"rendered":"<p>,,Projekt\u0173 inicijavimas ir \u012fgyvendinimas\u201c Trukm\u0117: 6 akad. val. APIE LEKTOR\u0118 Prof. dr. Birut\u0117 Mockevi\u010dien\u0117 dirba MRU Vie\u0161ojo valdymo ir politikos fakultete vadybos profesore. Universitete dirba su magistrantais ir doktorantais sprendim\u0173 pri\u0117mimo, kokyb\u0117s valdymo ir projekt\u0173 valdymo srityse. Ji nuolat inicijuoja mokslini\u0173 tyrim\u0173 projektus ir konsultuoja \u012fmones, tame tarpe ir gamybos. Rodikli\u0173 klausimas nuolat yra konsultacij\u0173 [&hellip;]<\/p>\n","protected":false},"featured_media":832,"comment_status":"open","ping_status":"closed","template":"","meta":[],"product_brand":[],"product_cat":[38,44],"product_tag":[],"class_list":{"0":"post-655","1":"product","2":"type-product","3":"status-publish","4":"has-post-thumbnail","6":"product_cat-viesojo-administravimo-mokymai","7":"product_cat-vadybos-ir-verslo-mokymai","9":"first","10":"instock","11":"taxable","12":"shipping-taxable","13":"product-type-simple"},"_links":{"self":[{"href":"https:\/\/dev.mvg.mruni.eu\/index.php?rest_route=\/wp\/v2\/product\/655","targetHints":{"allow":["GET"]}}],"collection":[{"href":"https:\/\/dev.mvg.mruni.eu\/index.php?rest_route=\/wp\/v2\/product"}],"about":[{"href":"https:\/\/dev.mvg.mruni.eu\/index.php?rest_route=\/wp\/v2\/types\/product"}],"replies":[{"embeddable":true,"href":"https:\/\/dev.mvg.mruni.eu\/index.php?rest_route=%2Fwp%2Fv2%2Fcomments&post=655"}],"wp:featuredmedia":[{"embeddable":true,"href":"https:\/\/dev.mvg.mruni.eu\/index.php?rest_route=\/wp\/v2\/media\/832"}],"wp:attachment":[{"href":"https:\/\/dev.mvg.mruni.eu\/index.php?rest_route=%2Fwp%2Fv2%2Fmedia&parent=655"}],"wp:term":[{"taxonomy":"product_brand","embeddable":true,"href":"https:\/\/dev.mvg.mruni.eu\/index.php?rest_route=%2Fwp%2Fv2%2Fproduct_brand&post=655"},{"taxonomy":"product_cat","embeddable":true,"href":"https:\/\/dev.mvg.mruni.eu\/index.php?rest_route=%2Fwp%2Fv2%2Fproduct_cat&post=655"},{"taxonomy":"product_tag","embeddable":true,"href":"https:\/\/dev.mvg.mruni.eu\/index.php?rest_route=%2Fwp%2Fv2%2Fproduct_tag&post=655"}],"curies":[{"name":"wp","href":"https:\/\/api.w.org\/{rel}","templated":true}]}}