{"id":646,"date":"2025-09-22T09:06:19","date_gmt":"2025-09-22T06:06:19","guid":{"rendered":"https:\/\/dev.mvg.mruni.eu\/?post_type=product&#038;p=646"},"modified":"2026-01-23T11:12:52","modified_gmt":"2026-01-23T09:12:52","slug":"pedagogu-laiko-planavimas-ir-jo-valdymas-8-akad-val","status":"publish","type":"product","link":"https:\/\/dev.mvg.mruni.eu\/?product=pedagogu-laiko-planavimas-ir-jo-valdymas-8-akad-val","title":{"rendered":"PEDAGOG\u0172 LAIKO PLANAVIMAS IR JO VALDYMAS (8 akad. val.) Prof. dr. Vida Gud\u017einskien\u0117"},"content":{"rendered":"<p><strong>,,Pedagog\u0173 laiko planavimas ir jo valdymas\u201c<\/strong><\/p>\n<p><strong>Trukm\u0117:<\/strong> 8 akad. val.<\/p>\n<p><strong>APIE MOKYMUS<\/strong><\/p>\n<div class=\"description\">\n<p><strong>Mokym\u0173 metu:<\/strong><\/p>\n<p>\ud83d\udfe0 Aptariami Pedagog\u0173 laiko planavim\u0105 s\u0105lygojantys veiksniai, produktyvus ir neproduktyvus laikas, produktyvaus ir neproduktyvaus laiko panaudojimo galimyb\u0117s pedagogo darbe, Eisenhower\u2018io principas, laiko vagys, j\u0173 kategorijos. Taip pat aptariami problem\u0173, susijusi\u0173 su laiko vagimis, sprendimo b\u016bdai dirbant pedagogin\u012f darb\u0105.<\/p>\n<p>\ud83d\udfe0 Drauge su seminaro dalyviais analizuojamos planavimo ir laiko valdymo dalin\u0117s u\u017eduotys, Eisenhower\u2018io principas, teorini\u0173 laiko planavimo patarim\u0173 pritaikymo i\u0161\u0161\u016bkiai pedagogo darbe.<\/p>\n<p>\ud83d\udfe0 Kiekvienas seminaro dalyvis prakti\u0161kai i\u0161bando kai kuriuos laiko planavimo ir valdymo technikas\/strategijas, pasidaro savo darbo laiko apskaitos lap\u0105 arba Dienos \u201efotografij\u0105\u201c.<\/p>\n<p>\ud83d\udfe0 Atlieka praktin\u0119 u\u017eduot\u012f, susijusi\u0105 su laiko vagimis bei u\u017eduot\u012f Laiko valdymas ir sav\u0119s pa\u017einimas.<\/p>\n<p>\ud83d\udfe0 Kiekvienas mokym\u0173 dalyvis \u012fsivertina laiko planavimo ir valdymo \u012fg\u016bd\u017eius, labiau pa\u017e\u012fsta save ir nusistato savo \u201elaiko vagis\u201c.<\/p>\n<p>\ud83d\udfe0 Kriti\u0161kai \u012fvertinami laiko planavimo b\u016bdai. Prakti\u0161kai i\u0161bandomos laiko planavimo technikos.<\/p>\n<p>\ud83d\udfe0 Mokym\u0173 metodai: paskaita, patirties pasidalinimas, atvej\u0173 aptarimas, diskusijos, u\u017eduo\u010di\u0173 atlikimas individualiai, porose ir ma\u017eose grupel\u0117se.<\/p>\n<\/div>\n<p>&nbsp;<\/p>\n<p>&nbsp;<\/p>\n<div class=\"description\">\n<p><strong>PRAKTIN\u0116 INFORMACIJA<\/strong><\/p>\n<p><strong>Vieta:<\/strong> visi miestai (kontaktiniai arba nuotoliniai mokymai)<\/p>\n<p><strong>Dalyviams i\u0161duodami kvalifikacijos pa\u017eym\u0117jimai.<\/strong><\/p>\n<p>&nbsp;<\/p>\n<p><strong>D\u0116L MOKYM\u0172 TEIRAUTIS<\/strong><\/p>\n<div class=\"location-map block\"><strong>El. pa\u0161tu:<\/strong> ugne.balt@mruni.eu<\/div>\n<div class=\"location-map block\"><strong>mob. tel.<\/strong> +3706 253 9429<\/div>\n<div><\/div>\n<div><img loading=\"lazy\" decoding=\"async\" class=\"alignnone wp-image-552\" src=\"https:\/\/dev.mvg.mruni.eu\/wp-content\/uploads\/2025\/09\/Orange-White-Simple-Circle-Rice-Bowl-Logo-300x125.png\" alt=\"\" width=\"197\" height=\"82\" srcset=\"https:\/\/dev.mvg.mruni.eu\/wp-content\/uploads\/2025\/09\/Orange-White-Simple-Circle-Rice-Bowl-Logo-300x125.png 300w, https:\/\/dev.mvg.mruni.eu\/wp-content\/uploads\/2025\/09\/Orange-White-Simple-Circle-Rice-Bowl-Logo.png 359w\" sizes=\"auto, (max-width: 197px) 100vw, 197px\" \/><\/div>\n<\/div>\n","protected":false},"excerpt":{"rendered":"<p>,,Pedagog\u0173 laiko planavimas ir jo valdymas\u201c Trukm\u0117: 8 akad. val. APIE MOKYMUS Mokym\u0173 metu: \ud83d\udfe0 Aptariami Pedagog\u0173 laiko planavim\u0105 s\u0105lygojantys veiksniai, produktyvus ir neproduktyvus laikas, produktyvaus ir neproduktyvaus laiko panaudojimo galimyb\u0117s pedagogo darbe, Eisenhower\u2018io principas, laiko vagys, j\u0173 kategorijos. Taip pat aptariami problem\u0173, susijusi\u0173 su laiko vagimis, sprendimo b\u016bdai dirbant pedagogin\u012f darb\u0105. \ud83d\udfe0 Drauge su [&hellip;]<\/p>\n","protected":false},"featured_media":837,"comment_status":"open","ping_status":"closed","template":"","meta":[],"product_brand":[],"product_cat":[48,49],"product_tag":[],"class_list":{"0":"post-646","1":"product","2":"type-product","3":"status-publish","4":"has-post-thumbnail","6":"product_cat-pedagogika","7":"product_cat-svietimo-mokymai-pedagogika","9":"first","10":"instock","11":"taxable","12":"shipping-taxable","13":"product-type-simple"},"_links":{"self":[{"href":"https:\/\/dev.mvg.mruni.eu\/index.php?rest_route=\/wp\/v2\/product\/646","targetHints":{"allow":["GET"]}}],"collection":[{"href":"https:\/\/dev.mvg.mruni.eu\/index.php?rest_route=\/wp\/v2\/product"}],"about":[{"href":"https:\/\/dev.mvg.mruni.eu\/index.php?rest_route=\/wp\/v2\/types\/product"}],"replies":[{"embeddable":true,"href":"https:\/\/dev.mvg.mruni.eu\/index.php?rest_route=%2Fwp%2Fv2%2Fcomments&post=646"}],"wp:featuredmedia":[{"embeddable":true,"href":"https:\/\/dev.mvg.mruni.eu\/index.php?rest_route=\/wp\/v2\/media\/837"}],"wp:attachment":[{"href":"https:\/\/dev.mvg.mruni.eu\/index.php?rest_route=%2Fwp%2Fv2%2Fmedia&parent=646"}],"wp:term":[{"taxonomy":"product_brand","embeddable":true,"href":"https:\/\/dev.mvg.mruni.eu\/index.php?rest_route=%2Fwp%2Fv2%2Fproduct_brand&post=646"},{"taxonomy":"product_cat","embeddable":true,"href":"https:\/\/dev.mvg.mruni.eu\/index.php?rest_route=%2Fwp%2Fv2%2Fproduct_cat&post=646"},{"taxonomy":"product_tag","embeddable":true,"href":"https:\/\/dev.mvg.mruni.eu\/index.php?rest_route=%2Fwp%2Fv2%2Fproduct_tag&post=646"}],"curies":[{"name":"wp","href":"https:\/\/api.w.org\/{rel}","templated":true}]}}