{"id":613,"date":"2025-09-19T09:18:21","date_gmt":"2025-09-19T06:18:21","guid":{"rendered":"https:\/\/dev.mvg.mruni.eu\/?post_type=product&#038;p=613"},"modified":"2026-01-23T11:17:25","modified_gmt":"2026-01-23T09:17:25","slug":"mediatoriaus-praktiniu-igudziu-tobulinimo-dirbtuves-16-akad-val","status":"publish","type":"product","link":"https:\/\/dev.mvg.mruni.eu\/?product=mediatoriaus-praktiniu-igudziu-tobulinimo-dirbtuves-16-akad-val","title":{"rendered":"MEDIATORIAUS PRAKTINI\u0172 \u012eG\u016aD\u017dI\u0172 TOBULINIMO DIRBTUV\u0116S (16 akad.val.) Prof. dr. Agn\u0117 Tvaronavi\u010dien\u0117 ir lektor\u0117 Odeta Int\u0117"},"content":{"rendered":"<p><strong>Unikalus pasi\u016blymas mediatoriams, kurie jau i\u0161klaus\u0117 bazinius mediacijos mokymus! <\/strong><\/p>\n<p><strong>Trukm\u0117:<\/strong> 16 akad.val.<\/p>\n<p><strong>APIE MOKYMUS<\/strong><\/p>\n<p>\ud83d\udfe0\u00a0Mediatoriaus praktini\u0173 \u012fg\u016bd\u017ei\u0173 tobulinimo dirbtuv\u0117s skirtos tiems, kas jau prad\u0117jo savaranki\u0161kai vykdyti mediatoriaus veikl\u0105 ir siekia tobul\u0117ti, mokytis ne tik i\u0161 savo klaid\u0173, bet ir i\u0161 savo koleg\u0173 patir\u010di\u0173. Kvie\u010diame \u012f geriausi\u0173 atsiliepim\u0173 sulaukusius mokymus, kuri\u0173 metu gilinsit\u0117s \u012f mediacijos meno paslaptis, dalinsit\u0117s savo \u012fgyta patirtimi ir atradimais bei drauge su profesionaliomis lektor\u0117mis atrasite naujus \u012frankius ir b\u016bdus pad\u0117ti besigin\u010dijantiems \u017emon\u0117ms susitarti.<\/p>\n<p>\ud83d\udfe0 Praktini\u0173 dirbtuvi\u0173 metu prisiminsite esmines mediatori\u0173 naudojamas komunikacijos lengvinimo technikas, esmingai papildysite savo kaip mediatoriaus \u012franki\u0173 krep\u0161el\u012f, \u012fgysite \u0161i\u0173 \u012franki\u0173 naudojimo praktini\u0173 \u012fg\u016bd\u017ei\u0173, rasite atsakymus \u012f praktikoje i\u0161kilusius klausimus bei u\u017emegsite ry\u0161\u012f su kolegomis mediatoriais.<\/p>\n<p>&nbsp;<\/p>\n<p>&nbsp;<\/p>\n<p><strong>PRAKTIN\u0116 INFORMACIJA<\/strong><\/p>\n<p><strong>Vieta:<\/strong> visi miestai (kontaktiniai arba nuotoliniai mokymai)<\/p>\n<p><strong>Dalyviams i\u0161duodami kvalifikacijos pa\u017eym\u0117jimai.<\/strong><\/p>\n<p>&nbsp;<\/p>\n<p><strong>D\u0116L MOKYM\u0172 TEIRAUTIS<\/strong><\/p>\n<div class=\"location-map block\"><strong>El. pa\u0161tu:<\/strong> ugne.balt@mruni.eu<\/div>\n<div class=\"location-map block\"><strong>mob. tel.<\/strong> +3706 253 9429<\/div>\n<div><\/div>\n<div><img loading=\"lazy\" decoding=\"async\" class=\"alignnone wp-image-552\" src=\"https:\/\/dev.mvg.mruni.eu\/wp-content\/uploads\/2025\/09\/Orange-White-Simple-Circle-Rice-Bowl-Logo-300x125.png\" alt=\"\" width=\"197\" height=\"82\" srcset=\"https:\/\/dev.mvg.mruni.eu\/wp-content\/uploads\/2025\/09\/Orange-White-Simple-Circle-Rice-Bowl-Logo-300x125.png 300w, https:\/\/dev.mvg.mruni.eu\/wp-content\/uploads\/2025\/09\/Orange-White-Simple-Circle-Rice-Bowl-Logo.png 359w\" sizes=\"auto, (max-width: 197px) 100vw, 197px\" \/><\/div>\n","protected":false},"excerpt":{"rendered":"<p>Unikalus pasi\u016blymas mediatoriams, kurie jau i\u0161klaus\u0117 bazinius mediacijos mokymus! Trukm\u0117: 16 akad.val. APIE MOKYMUS \ud83d\udfe0\u00a0Mediatoriaus praktini\u0173 \u012fg\u016bd\u017ei\u0173 tobulinimo dirbtuv\u0117s skirtos tiems, kas jau prad\u0117jo savaranki\u0161kai vykdyti mediatoriaus veikl\u0105 ir siekia tobul\u0117ti, mokytis ne tik i\u0161 savo klaid\u0173, bet ir i\u0161 savo koleg\u0173 patir\u010di\u0173. Kvie\u010diame \u012f geriausi\u0173 atsiliepim\u0173 sulaukusius mokymus, kuri\u0173 metu gilinsit\u0117s \u012f mediacijos meno [&hellip;]<\/p>\n","protected":false},"featured_media":857,"comment_status":"open","ping_status":"closed","template":"","meta":[],"product_brand":[],"product_cat":[31],"product_tag":[],"class_list":{"0":"post-613","1":"product","2":"type-product","3":"status-publish","4":"has-post-thumbnail","6":"product_cat-mediacijos-mokymai","8":"first","9":"outofstock","10":"taxable","11":"shipping-taxable","12":"product-type-simple"},"_links":{"self":[{"href":"https:\/\/dev.mvg.mruni.eu\/index.php?rest_route=\/wp\/v2\/product\/613","targetHints":{"allow":["GET"]}}],"collection":[{"href":"https:\/\/dev.mvg.mruni.eu\/index.php?rest_route=\/wp\/v2\/product"}],"about":[{"href":"https:\/\/dev.mvg.mruni.eu\/index.php?rest_route=\/wp\/v2\/types\/product"}],"replies":[{"embeddable":true,"href":"https:\/\/dev.mvg.mruni.eu\/index.php?rest_route=%2Fwp%2Fv2%2Fcomments&post=613"}],"wp:featuredmedia":[{"embeddable":true,"href":"https:\/\/dev.mvg.mruni.eu\/index.php?rest_route=\/wp\/v2\/media\/857"}],"wp:attachment":[{"href":"https:\/\/dev.mvg.mruni.eu\/index.php?rest_route=%2Fwp%2Fv2%2Fmedia&parent=613"}],"wp:term":[{"taxonomy":"product_brand","embeddable":true,"href":"https:\/\/dev.mvg.mruni.eu\/index.php?rest_route=%2Fwp%2Fv2%2Fproduct_brand&post=613"},{"taxonomy":"product_cat","embeddable":true,"href":"https:\/\/dev.mvg.mruni.eu\/index.php?rest_route=%2Fwp%2Fv2%2Fproduct_cat&post=613"},{"taxonomy":"product_tag","embeddable":true,"href":"https:\/\/dev.mvg.mruni.eu\/index.php?rest_route=%2Fwp%2Fv2%2Fproduct_tag&post=613"}],"curies":[{"name":"wp","href":"https:\/\/api.w.org\/{rel}","templated":true}]}}