{"id":581,"date":"2025-09-18T09:12:07","date_gmt":"2025-09-18T06:12:07","guid":{"rendered":"https:\/\/dev.mvg.mruni.eu\/?post_type=product&#038;p=581"},"modified":"2026-02-11T09:40:22","modified_gmt":"2026-02-11T07:40:22","slug":"supervizija-socialiniams-darbuotojams-16-akad-val","status":"publish","type":"product","link":"https:\/\/dev.mvg.mruni.eu\/?product=supervizija-socialiniams-darbuotojams-16-akad-val","title":{"rendered":"SUPERVIZIJA SOCIALINIAMS DARBUOTOJAMS (16 akad. val.) Doc. dr. Justinas Sadauskas"},"content":{"rendered":"<p><strong>,,Supervizija socialiniams darbuotojams\u201c<\/strong><\/p>\n<p><strong>Trukm\u0117:<\/strong> 16 akad. val.<\/p>\n<p><strong>APIE MOKYMUS<\/strong><\/p>\n<p>\ud83d\udfe0 Komandos supervizijos orientuotos \u012f J\u016bs\u0173 \u012fstaigos ypatumus ir i\u0161\u0161\u016bkius. Kadangi, komandin\u0117s supervizijos temas formuluoja \u012fstaigos vadovas, komandin\u0117 supervizija gali pad\u0117ti vadovui siekti poky\u010di\u0173 ir norim\u0173 tiksl\u0173.<br \/>\n\ud83d\udfe0 Supervizija, gali pagelb\u0117ti darbuotojams analizuoti savo profesin\u012f vaidmen\u012f ir funkcijas, strukt\u016bruotai spr\u0119sti koniktines situacijas, saugiai dalintis sud\u0117tingomis situacijomis, geriau suprasti savo ir kit\u0173 elges\u012f, ie\u0161koti konstruktyvi\u0173 sprendim\u0173, reflektuoti savo ir kit\u0173 komandos nari\u0173 vaidmenis organizacijoje, perm\u0105styti veiklos kryptis. Garantuojame profesional\u0173 supervizijos proces\u0105 ir konfidencialum\u0105.<\/p>\n<p><strong>Supervizijos proceso dalyviams i\u0161duodami kvalifikacijos tobulinimo pa\u017eym\u0117jimai, patvirtinti Lietuvos supervizori\u0173 asociacijos ir atitinkantys Europinius supervizori\u0173 rengimo standartus.<\/strong><\/p>\n<p>&nbsp;<\/p>\n<p>&nbsp;<\/p>\n<p><strong>PRAKTIN\u0116 INFORMACIJA<\/strong><\/p>\n<p><strong>Vieta:<\/strong> visi miestai (kontaktiniai arba nuotoliniai mokymai)<\/p>\n<p>&nbsp;<\/p>\n<p><strong>D\u0116L SUPERVIZIJ\u0172 KREIPKIT\u0116S<\/strong><\/p>\n<div class=\"location-map block\"><strong>El. pa\u0161tu:<\/strong> ugne.balt@mruni.eu<\/div>\n<div class=\"location-map block\"><strong>mob. tel.<\/strong> +3706 253 9429<\/div>\n<div><\/div>\n<div><img loading=\"lazy\" decoding=\"async\" class=\"alignnone wp-image-552\" src=\"https:\/\/dev.mvg.mruni.eu\/wp-content\/uploads\/2025\/09\/Orange-White-Simple-Circle-Rice-Bowl-Logo-300x125.png\" alt=\"\" width=\"197\" height=\"82\" srcset=\"https:\/\/dev.mvg.mruni.eu\/wp-content\/uploads\/2025\/09\/Orange-White-Simple-Circle-Rice-Bowl-Logo-300x125.png 300w, https:\/\/dev.mvg.mruni.eu\/wp-content\/uploads\/2025\/09\/Orange-White-Simple-Circle-Rice-Bowl-Logo.png 359w\" sizes=\"auto, (max-width: 197px) 100vw, 197px\" \/><\/div>\n","protected":false},"excerpt":{"rendered":"<p>,,Supervizija socialiniams darbuotojams\u201c Trukm\u0117: 16 akad. val. APIE MOKYMUS \ud83d\udfe0 Komandos supervizijos orientuotos \u012f J\u016bs\u0173 \u012fstaigos ypatumus ir i\u0161\u0161\u016bkius. Kadangi, komandin\u0117s supervizijos temas formuluoja \u012fstaigos vadovas, komandin\u0117 supervizija gali pad\u0117ti vadovui siekti poky\u010di\u0173 ir norim\u0173 tiksl\u0173. \ud83d\udfe0 Supervizija, gali pagelb\u0117ti darbuotojams analizuoti savo profesin\u012f vaidmen\u012f ir funkcijas, strukt\u016bruotai spr\u0119sti koniktines situacijas, saugiai dalintis sud\u0117tingomis situacijomis, [&hellip;]<\/p>\n","protected":false},"featured_media":873,"comment_status":"open","ping_status":"closed","template":"","meta":[],"product_brand":[],"product_cat":[35,27],"product_tag":[],"class_list":{"0":"post-581","1":"product","2":"type-product","3":"status-publish","4":"has-post-thumbnail","6":"product_cat-socialines-ir-humanitarines-sritys","7":"product_cat-socialinio-darbo-mokymai","9":"first","10":"instock","11":"taxable","12":"shipping-taxable","13":"product-type-simple"},"_links":{"self":[{"href":"https:\/\/dev.mvg.mruni.eu\/index.php?rest_route=\/wp\/v2\/product\/581","targetHints":{"allow":["GET"]}}],"collection":[{"href":"https:\/\/dev.mvg.mruni.eu\/index.php?rest_route=\/wp\/v2\/product"}],"about":[{"href":"https:\/\/dev.mvg.mruni.eu\/index.php?rest_route=\/wp\/v2\/types\/product"}],"replies":[{"embeddable":true,"href":"https:\/\/dev.mvg.mruni.eu\/index.php?rest_route=%2Fwp%2Fv2%2Fcomments&post=581"}],"wp:featuredmedia":[{"embeddable":true,"href":"https:\/\/dev.mvg.mruni.eu\/index.php?rest_route=\/wp\/v2\/media\/873"}],"wp:attachment":[{"href":"https:\/\/dev.mvg.mruni.eu\/index.php?rest_route=%2Fwp%2Fv2%2Fmedia&parent=581"}],"wp:term":[{"taxonomy":"product_brand","embeddable":true,"href":"https:\/\/dev.mvg.mruni.eu\/index.php?rest_route=%2Fwp%2Fv2%2Fproduct_brand&post=581"},{"taxonomy":"product_cat","embeddable":true,"href":"https:\/\/dev.mvg.mruni.eu\/index.php?rest_route=%2Fwp%2Fv2%2Fproduct_cat&post=581"},{"taxonomy":"product_tag","embeddable":true,"href":"https:\/\/dev.mvg.mruni.eu\/index.php?rest_route=%2Fwp%2Fv2%2Fproduct_tag&post=581"}],"curies":[{"name":"wp","href":"https:\/\/api.w.org\/{rel}","templated":true}]}}