{"id":523,"date":"2025-09-16T14:37:20","date_gmt":"2025-09-16T11:37:20","guid":{"rendered":"https:\/\/dev.mvg.mruni.eu\/?post_type=product&#038;p=523"},"modified":"2026-02-11T09:41:29","modified_gmt":"2026-02-11T07:41:29","slug":"bendruomenes-pasitelkimas-igyvendinant-socialini-darba-8-akad-val","status":"publish","type":"product","link":"https:\/\/dev.mvg.mruni.eu\/?product=bendruomenes-pasitelkimas-igyvendinant-socialini-darba-8-akad-val","title":{"rendered":"BENDRUOMEN\u0116S PASITELKIMAS \u012eGYVENDINANT SOCIALIN\u012e DARB\u0104 (8 akad. val.) Dr. Neringa Kurapkaitien\u0117"},"content":{"rendered":"<p><strong>\u201eBendruomen\u0117s pasitelkimas \u012fgyvendinant socialin\u012f darb\u0105\u201c\u00a0<\/strong><\/p>\n<p><strong>Trukm\u0117:\u00a0 <\/strong>8 akad. val.<\/p>\n<p><strong>APIE LEKTOR\u0118<\/strong><\/p>\n<p>Mykolo Romerio universitetas, lektor\u0117 dr. Neringa Kurapkaitien\u0117.\u00a0 Nuo 1998m. dirba savanoryst\u0117s srityje, \u012fgyvendindama ir kurdama vietines, nacionalines ir Europos savanori\u0161kos veiklos programas. 2019 m. atliko disertacijos tyrim\u0105 edukologijos moksl\u0173 srityje. \u0160iuo metu dirba M. Romerio universitete lektore socialiniams darbuotojams, yra supervizor\u0117 organizacijoms ir komandoms visoje Lietuvoje, bendradarbiauja su Atviros Lietuvos fondu ir veda mokymus atliepdama bendruomen\u0117s sutelktumo, savanoryst\u0117s ir supervizijos poreikius.<\/p>\n<p><strong>APIE MOKYMUS<\/strong><\/p>\n<p>\ud83d\udfe0 Bendruomen\u0117s ir socialinio darbo jungtys \u2013 pana\u0161umai ir skirtumai. Bendruomen\u0117s pagal savo prigimt\u012f turi pana\u0161um\u0173 ir skirtum\u0173 su socialin\u0117s pagalbos teikimo procesu. \u0160ioje dalyje bus pristatomi bendruomen\u0117s veikimo ir savireguliacijos b\u016bdai, socialinio darbuotojo vaidmuo bendruomen\u0117je ir bendruomen\u0117s reakcija \u012f pagalbos teikimo b\u016bdus. Praktinis u\u017esi\u0117mimas Bendruomen\u0117s aplinkos analiz\u0117 \u2013 atlikti konkre\u010dios vietos bendruomen\u0117s analiz\u0119, remiantis pagrindini\u0173 veik\u0117j\u0173 bendruomen\u0117je \u012ftakos zonomis.<\/p>\n<p>\ud83d\udfe0 Socialin\u0117s pagalbos tiksl\u0173 ir \u012fgyvendinimo atspindys bendruomen\u0117je siejamas su bendruomen\u0117s pasiprie\u0161inimu ir susiprie\u0161inimu su reikalingais pagalbos asmenimis bendruomen\u0117je. Neretai socialiniai darbuotojai tapatinami su pagalb\u0105 gaunan\u010diais asmenimis ir prie\u0161i\u0161kumas demonstruojamas ir j\u0173 at\u017evilgiu. Taip pasirei\u0161kia bendruomen\u0117s ambivalencija \u2013 viena vertus kurti gyvenim\u0105 kaimynyst\u0117je, kita vertus atstumti bendruomen\u0117s norm\u0173 neatitinkan\u010dius gyventojus. Teorin\u0117je dalyje bus pristatoma kokia toki\u0173 santyki\u0173 bendruomen\u0117je kilm\u0117 ir kokia dinamika, \u012f kuri\u0105 patenka socialiniai darbuotojai. Praktin\u0117je dalyje numatomas darbas ma\u017eose grupel\u0117se su refleksijos klausimais apie santyki\u0173 su bendruomene dinamikas konkre\u010diose bendruomen\u0117se.<\/p>\n<p>\ud83d\udfe0 Bendruomen\u0117s motyvavimas, i\u0161tekli\u0173 \u012fvertinimas ir ugdymas jautrumui bus aptarta kaip bendruomen\u0117 gali b\u016bti \u012ftakojama socialinio darbo perspektyvoje. Praktin\u0117je dalyje panaudojant pirmos dalies rezultatus bus kuriamas bendruomen\u0117s \u012ftak\u0173 \u017eem\u0117lapis, kuriame sieksime numatyti veikimo b\u016bdus bendruomen\u0117s telkimui.<\/p>\n<p>\ud83d\udfe0 Savanori\u0161kos veiklos form\u0173 integravimas pristatomas kaip vienas veiksmingiausi\u0173 b\u016bd\u0173 bendruomen\u0117s sutelktumui. Praktin\u0117je dalyje kuriant veiksm\u0173 plan\u0105 bus panaudojamos anks\u010diau atliktos u\u017eduotys ir numatomi bendruomen\u0117s pakvietimo \u012f savanoryst\u0119 veiskmai.<\/p>\n<p><strong>U\u017dDAVINIAI<\/strong>:<br \/>\n\ud83d\udfe0 \u012esigilinti \u012f bendruomen\u0117s specifik\u0105.<br \/>\n\ud83d\udfe0 \u012esivardinti kylan\u010dias \u012ftampas su bendruomene socialiniu darbo \u012fgyvendinimo procese.<br \/>\n\ud83d\udfe0 Atrasti bendruomen\u0119 ugdan\u010dias \u012fsitraukimo formas padedant teikti socialin\u0119 pagalb\u0105.<\/p>\n<div>\n<p><strong>Kompetencijos, kurias \u012fgis mokym\u0173 dalyviai:<\/strong><\/p>\n<div>\n<div>\ud83d\udfe0 Bendruomen\u0117s pa\u017einimo ir pripa\u017einimo reflektuojant ir analizuojant kompetencija.<\/div>\n<div>\ud83d\udfe0 \u017dinios kaip konstruktyviai reaguoti \u012f bendruomen\u0117s pasiprie\u0161inim\u0105.<\/div>\n<div>\ud83d\udfe0 \u012egyjamas \u012fg\u016bdis \u012fvardinti bendruomen\u0117s veik\u0117jus, j\u0173 vaidmenis ir norim\u0105 s\u0105veik\u0105 su jais.<\/div>\n<div>\ud83d\udfe0 \u017dinos apie savanori\u0161kos veiklos k\u016brim\u0105.<\/div>\n<\/div>\n<div>\n<p>&nbsp;<\/p>\n<p>&nbsp;<\/p>\n<p><strong>PRAKTIN\u0116 INFORMACIJA<\/strong><\/p>\n<p><strong>Vieta:<\/strong> visi miestai (kontaktiniai arba nuotoliniai mokymai)<\/p>\n<p><strong>Dalyviams i\u0161duodami kvalifikacijos pa\u017eym\u0117jimai.<\/strong><\/p>\n<p><strong>Mokym\u0173 programa &#8211;<\/strong> <a href=\"https:\/\/dev.mvg.mruni.eu\/wp-content\/uploads\/2025\/09\/BENDRUOMENES-PASITELKIMAS-IGYVENDINANT-SOCIALINI-DARBA-8-akad.-val.-Lekt.-prof.-dr.-Neringa-Kurapkaitiene.pdf\">BENDRUOMEN\u0116S PASITELKIMAS \u012eGYVENDINANT SOCIALIN\u012e DARB\u0104 8 akad. val. Lekt. prof. dr. Neringa Kurapkaitien\u0117<\/a><\/p>\n<p>&nbsp;<\/p>\n<p><strong>D\u0116L MOKYM\u0172 TEIRAUTIS<\/strong><\/p>\n<div class=\"location-map block\"><strong>El. pa\u0161tu:<\/strong> ugne.balt@mruni.eu<\/div>\n<div class=\"location-map block\"><strong>mob. tel.<\/strong> +3706 253 9429<\/div>\n<\/div>\n<\/div>\n<div><\/div>\n<div><img loading=\"lazy\" decoding=\"async\" class=\"alignnone wp-image-552\" src=\"https:\/\/dev.mvg.mruni.eu\/wp-content\/uploads\/2025\/09\/Orange-White-Simple-Circle-Rice-Bowl-Logo-300x125.png\" alt=\"\" width=\"190\" height=\"79\" srcset=\"https:\/\/dev.mvg.mruni.eu\/wp-content\/uploads\/2025\/09\/Orange-White-Simple-Circle-Rice-Bowl-Logo-300x125.png 300w, https:\/\/dev.mvg.mruni.eu\/wp-content\/uploads\/2025\/09\/Orange-White-Simple-Circle-Rice-Bowl-Logo.png 359w\" sizes=\"auto, (max-width: 190px) 100vw, 190px\" \/><\/div>\n<div>\n<div>\n<div><\/div>\n<\/div>\n<\/div>\n","protected":false},"excerpt":{"rendered":"<p>\u201eBendruomen\u0117s pasitelkimas \u012fgyvendinant socialin\u012f darb\u0105\u201c\u00a0 Trukm\u0117:\u00a0 8 akad. val. APIE LEKTOR\u0118 Mykolo Romerio universitetas, lektor\u0117 dr. Neringa Kurapkaitien\u0117.\u00a0 Nuo 1998m. dirba savanoryst\u0117s srityje, \u012fgyvendindama ir kurdama vietines, nacionalines ir Europos savanori\u0161kos veiklos programas. 2019 m. atliko disertacijos tyrim\u0105 edukologijos moksl\u0173 srityje. \u0160iuo metu dirba M. Romerio universitete lektore socialiniams darbuotojams, yra supervizor\u0117 organizacijoms ir komandoms [&hellip;]<\/p>\n","protected":false},"featured_media":902,"comment_status":"open","ping_status":"closed","template":"","meta":[],"product_brand":[],"product_cat":[35,27],"product_tag":[],"class_list":{"0":"post-523","1":"product","2":"type-product","3":"status-publish","4":"has-post-thumbnail","6":"product_cat-socialines-ir-humanitarines-sritys","7":"product_cat-socialinio-darbo-mokymai","9":"first","10":"instock","11":"taxable","12":"shipping-taxable","13":"product-type-simple"},"_links":{"self":[{"href":"https:\/\/dev.mvg.mruni.eu\/index.php?rest_route=\/wp\/v2\/product\/523","targetHints":{"allow":["GET"]}}],"collection":[{"href":"https:\/\/dev.mvg.mruni.eu\/index.php?rest_route=\/wp\/v2\/product"}],"about":[{"href":"https:\/\/dev.mvg.mruni.eu\/index.php?rest_route=\/wp\/v2\/types\/product"}],"replies":[{"embeddable":true,"href":"https:\/\/dev.mvg.mruni.eu\/index.php?rest_route=%2Fwp%2Fv2%2Fcomments&post=523"}],"wp:featuredmedia":[{"embeddable":true,"href":"https:\/\/dev.mvg.mruni.eu\/index.php?rest_route=\/wp\/v2\/media\/902"}],"wp:attachment":[{"href":"https:\/\/dev.mvg.mruni.eu\/index.php?rest_route=%2Fwp%2Fv2%2Fmedia&parent=523"}],"wp:term":[{"taxonomy":"product_brand","embeddable":true,"href":"https:\/\/dev.mvg.mruni.eu\/index.php?rest_route=%2Fwp%2Fv2%2Fproduct_brand&post=523"},{"taxonomy":"product_cat","embeddable":true,"href":"https:\/\/dev.mvg.mruni.eu\/index.php?rest_route=%2Fwp%2Fv2%2Fproduct_cat&post=523"},{"taxonomy":"product_tag","embeddable":true,"href":"https:\/\/dev.mvg.mruni.eu\/index.php?rest_route=%2Fwp%2Fv2%2Fproduct_tag&post=523"}],"curies":[{"name":"wp","href":"https:\/\/api.w.org\/{rel}","templated":true}]}}