{"id":1332,"date":"2026-01-28T10:29:33","date_gmt":"2026-01-28T08:29:33","guid":{"rendered":"https:\/\/dev.mvg.mruni.eu\/?post_type=product&#038;p=1332"},"modified":"2026-02-11T10:16:20","modified_gmt":"2026-02-11T08:16:20","slug":"savizudybiu-prevencija-intervencija-postvencija-8-akad-val-lekt-birute-balseviciene","status":"publish","type":"product","link":"https:\/\/dev.mvg.mruni.eu\/?product=savizudybiu-prevencija-intervencija-postvencija-8-akad-val-lekt-birute-balseviciene","title":{"rendered":"SAVI\u017dUDYBI\u0172 PREVENCIJA, INTERVENCIJA, POSTVENCIJA (8 akad. val.) Lekt. Birut\u0117 Balsevi\u010dien\u0117"},"content":{"rendered":"<p><strong>\u201e<\/strong><strong>Savi\u017eudybi\u0173 prevencija, intervencija, postvencija\u201c<\/strong><\/p>\n<p><strong>Trukm\u0117: <\/strong>8 akad. val.<\/p>\n<p><strong>APIE LEKTOR\u0118<\/strong><\/p>\n<p>Birut\u0117 Balsevi\u010dien\u0117 yra sveikatos psichologijos magistr\u0117, turi 20 met\u0173 patirties konsultuojant vaikus ir paauglius, 14 met\u0173 patirties d\u0117stant Mykolo Romerio universitete ir vedant seminarus apie elgesio ir emocij\u0173 sutrikimus. Lektor\u0117 yra Lietuvos aktyviausi\u0173 doktorant\u0173 prizo laim\u0117toja.<\/p>\n<p><strong>APIE MOKYMUS<\/strong><\/p>\n<p>Kiekvienais metais Lietuvoje savi\u017eudybi\u0173 skai\u010dius i\u0161lieka didelis, tod\u0117l savi\u017eudyb\u0117 \u012fvairiais aspektais gali paliesti beveik kiekvien\u0105 \u017emog\u0173. Geb\u0117jimas atpa\u017einti savi\u017eudyb\u0117s \u017eenklus, \u017einojimas kaip elgtis tokiose situacijose, gali pad\u0117ti i\u0161gelb\u0117ti gyvyb\u0119.<\/p>\n<p><strong>\ud83d\udfe0 Tikslas <\/strong>\u2013 suteikti \u017eini\u0173 apie suicidinio elgesio prie\u017eastis, rizikos veiksnius.<\/p>\n<p><strong>\ud83d\udfe0 U\u017edaviniai: <\/strong><\/p>\n<ul>\n<li>Ugdyti geb\u0117jimus atpa\u017einti asmenis, kurie ketina nusi\u017eudyti.<\/li>\n<li>Teikti pirmin\u0119 emocin\u0119 param\u0105 \u0161iems asmenims.<\/li>\n<li>Kurti savi\u017eudybi\u0173 prevencijos programas atitinkan\u010dias konkre\u010dios \u012fstaigos poreikius ir galimybes.<\/li>\n<\/ul>\n<p><strong>\ud83d\udfe0 Dalyvi\u0173 \u012fgytos, patobulintos kompetencijos:<\/strong><\/p>\n<ul>\n<li>Psichologinio saugumo ir savi\u017eudyb\u0117s rizikos atpa\u017einimo kompetencija (geb\u0117jimas atpa\u017einti savi\u017eudyb\u0117s rizikos \u017eenklus, suprasti savi\u017eudi\u0161ko elgesio prie\u017eastis ir prisid\u0117ti prie psichologinio saugumo stiprinimo prevencijos, intervencijos ir postvencijos kontekste).<\/li>\n<li>Empatinio reagavimo ir atsakingo veikimo krizin\u0117se situacijose kompetencija (geb\u0117jimas empati\u0161kai, nevertinan\u010diai bendrauti su savi\u017eudyb\u0117s rizik\u0105 patirian\u010diais asmenimis ir j\u0173 artimaisiais, tinkamai reaguoti krizin\u0117se situacijose bei bendradarbiauti su pagalbos sistema).<\/li>\n<\/ul>\n<p><strong>\ud83d\udfe0 Tem\u0173 ir turinio apra\u0161ymas:<\/strong><\/p>\n<ul>\n<li>\u012evadas: trumpa savi\u017eudyb\u0117s samprata ir problemos aktualumas.<\/li>\n<li>Organizacijos vaidmuo savi\u017eudybi\u0173 prevencijoje.<\/li>\n<li>Savi\u017eudybi\u0173 rizikos veiksniai. Kaip atpa\u017einti ketinant\u012fj\u012f nusi\u017eudyti asmen\u012f?<\/li>\n<\/ul>\n<p>&nbsp;<\/p>\n<p>&nbsp;<\/p>\n<p><strong>PRAKTIN\u0116 INFORMACIJA<\/strong><\/p>\n<p><strong>Vieta:<\/strong> visi miestai (kontaktiniai arba nuotoliniai mokymai)<\/p>\n<p><strong>Dalyviams i\u0161duodami kvalifikacijos pa\u017eym\u0117jimai.<\/strong><\/p>\n<p>&nbsp;<\/p>\n<p><strong>D\u0116L MOKYM\u0172 TEIRAUTIS<\/strong><\/p>\n<p><strong>El. pa\u0161tu: <a href=\"mailto:mokymai@mruini.eu\">mokymai@mruni.eu<\/a><\/strong><\/p>\n<p><strong>mob. tel. +37068985555<\/strong><\/p>\n","protected":false},"excerpt":{"rendered":"<p>\u201eSavi\u017eudybi\u0173 prevencija, intervencija, postvencija\u201c Trukm\u0117: 8 akad. val. APIE LEKTOR\u0118 Birut\u0117 Balsevi\u010dien\u0117 yra sveikatos psichologijos magistr\u0117, turi 20 met\u0173 patirties konsultuojant vaikus ir paauglius, 14 met\u0173 patirties d\u0117stant Mykolo Romerio universitete ir vedant seminarus apie elgesio ir emocij\u0173 sutrikimus. Lektor\u0117 yra Lietuvos aktyviausi\u0173 doktorant\u0173 prizo laim\u0117toja. APIE MOKYMUS Kiekvienais metais Lietuvoje savi\u017eudybi\u0173 skai\u010dius i\u0161lieka didelis, [&hellip;]<\/p>\n","protected":false},"featured_media":814,"comment_status":"open","ping_status":"closed","template":"","meta":[],"product_brand":[],"product_cat":[35,36,27],"product_tag":[],"class_list":{"0":"post-1332","1":"product","2":"type-product","3":"status-publish","4":"has-post-thumbnail","6":"product_cat-socialines-ir-humanitarines-sritys","7":"product_cat-psichologijos-mokymai","8":"product_cat-socialinio-darbo-mokymai","10":"first","11":"instock","12":"taxable","13":"shipping-taxable","14":"product-type-simple"},"_links":{"self":[{"href":"https:\/\/dev.mvg.mruni.eu\/index.php?rest_route=\/wp\/v2\/product\/1332","targetHints":{"allow":["GET"]}}],"collection":[{"href":"https:\/\/dev.mvg.mruni.eu\/index.php?rest_route=\/wp\/v2\/product"}],"about":[{"href":"https:\/\/dev.mvg.mruni.eu\/index.php?rest_route=\/wp\/v2\/types\/product"}],"replies":[{"embeddable":true,"href":"https:\/\/dev.mvg.mruni.eu\/index.php?rest_route=%2Fwp%2Fv2%2Fcomments&post=1332"}],"wp:featuredmedia":[{"embeddable":true,"href":"https:\/\/dev.mvg.mruni.eu\/index.php?rest_route=\/wp\/v2\/media\/814"}],"wp:attachment":[{"href":"https:\/\/dev.mvg.mruni.eu\/index.php?rest_route=%2Fwp%2Fv2%2Fmedia&parent=1332"}],"wp:term":[{"taxonomy":"product_brand","embeddable":true,"href":"https:\/\/dev.mvg.mruni.eu\/index.php?rest_route=%2Fwp%2Fv2%2Fproduct_brand&post=1332"},{"taxonomy":"product_cat","embeddable":true,"href":"https:\/\/dev.mvg.mruni.eu\/index.php?rest_route=%2Fwp%2Fv2%2Fproduct_cat&post=1332"},{"taxonomy":"product_tag","embeddable":true,"href":"https:\/\/dev.mvg.mruni.eu\/index.php?rest_route=%2Fwp%2Fv2%2Fproduct_tag&post=1332"}],"curies":[{"name":"wp","href":"https:\/\/api.w.org\/{rel}","templated":true}]}}