{"id":1014,"date":"2025-10-17T14:17:24","date_gmt":"2025-10-17T11:17:24","guid":{"rendered":"https:\/\/dev.mvg.mruni.eu\/?post_type=product&#038;p=1014"},"modified":"2026-01-23T10:36:27","modified_gmt":"2026-01-23T08:36:27","slug":"patirtiniai-mokymai-efektyvi-komunikacija-4-akad-val","status":"publish","type":"product","link":"https:\/\/dev.mvg.mruni.eu\/?product=patirtiniai-mokymai-efektyvi-komunikacija-4-akad-val","title":{"rendered":"PATIRTINIAI MOKYMAI: EFEKTYVI KOMUNIKACIJA (4 akad. val.) Prof. dr. Aist\u0117 Dromantait\u0117"},"content":{"rendered":"<p><strong>,,Patirtiniai mokymai: Efektyvi komunikacija\u201c<\/strong><\/p>\n<p>Trukm\u0117: 4 akad. val.<\/p>\n<p><strong>APIE LEKTOR\u0118<\/strong><\/p>\n<p>Prof. dr. Aist\u0117 Dromantait\u0117, ICF akredituota kou\u010dingo specialist\u0117 (ACC), psichoterapeut\u0117, Mykolo Romerio universiteto profesor\u0117. Daugiau nei 15 met\u0173 d\u0117sto lyderyst\u0117s, organizacin\u0117s elgsenos ir kou\u010dingo\u00a0 temomis, rengia vadov\u0173 ugdymo programas vie\u0161ajam ir priva\u010diam sektoriui, individualiai konsultuoja moksleivius karjeros klausimais.<\/p>\n<p>Tyrim\u0173 sritys \u2013 kou\u010dingo kult\u016bra organizacijose, emocinis intelektas, kart\u0173 bendravimas ir bendradarbiavimas.<\/p>\n<p><strong>APIE MOKYMUS<\/strong><\/p>\n<p>\u0160i patirtinio mokymosi programa (angl. learning by doing) skirta \u012fvairi\u0173 sri\u010di\u0173 specialistams ir vadovams, siekiantiems tobulinti tarpasmenin\u0117s komuTikslas \u2013 ugdyti efektyvios komunikacijos, aktyvaus klausymo ir komandinio bendradarbiavimo \u012fg\u016bd\u017eius taikant patirtinio mokymosi metodus.<\/p>\n<p>Dalyviai patirs unikali\u0105 \u201eColourblind\u201c metodik\u0105, kurios metu lavinami geb\u0117jimai klausyti, bendrauti ir pasitik\u0117ti komandos nariais net esant ribotai informacijai.<\/p>\n<p><strong>Mokym\u0173 u\u017edaviniai:<\/strong><br \/>\n<strong>\ud83d\udfe0<\/strong> Supa\u017eindinti su patirtinio mokymosi principais ir aktyvaus klausymo svarba.<br \/>\n<strong>\ud83d\udfe0<\/strong>\u00a0Ugdyti geb\u0117jim\u0105 komunikuoti efektyviai net esant ribotai informacijai.<br \/>\n<strong>\ud83d\udfe0<\/strong>\u00a0Stiprinti pasitik\u0117jimo, lyderyst\u0117s ir bendradarbiavimo \u012fg\u016bd\u017eius.<br \/>\n<strong>\ud83d\udfe0<\/strong> Reflektuoti savo komunikacijos stili\u0173 ir komandos s\u0105veikas.nikacijos, aktyvaus klausymo, komandi\u0161kumo ir problem\u0173 sprendimo \u012fg\u016bd\u017eius.<\/p>\n<p><strong>Mokym\u0173 temos:<\/strong><\/p>\n<p><strong>\ud83d\udfe0<\/strong>\u00a0 Supa\u017eindinimas su \u201elearning by doing\u201c principais, aktyvaus klausymo svarba.<br \/>\n<strong>\ud83d\udfe0<\/strong>\u00a0 Komunikacija be matymo \u2013 pasitik\u0117jimo ir lyderyst\u0117s testas.<br \/>\n<strong>\ud83d\udfe0<\/strong>\u00a0 Emocij\u0173, vaidmen\u0173 ir komunikacijos modeli\u0173 aptarimas.<br \/>\n<strong>\ud83d\udfe0<\/strong>\u00a0 Tarpasmeninio bendravimo modeliai, aktyvaus klausymo triukai.<br \/>\n<strong>\ud83d\udfe0<\/strong>\u00a0 Strategijos k\u016brimas tolimesniam bendradarbiavimui.<\/p>\n<p><strong>PRAKTIN\u0116 INFORMACIJA<\/strong><\/p>\n<p><strong>Vieta:<\/strong> visi miestai (kontaktiniai arba nuotoliniai mokymai)<\/p>\n<p><strong>Dalyviams i\u0161duodami kvalifikacijos pa\u017eym\u0117jimai.<\/strong><\/p>\n<p><strong>D\u0116L MOKYM\u0172 TEIRAUTIS<\/strong><\/p>\n<div class=\"location-map block\"><strong>El. pa\u0161tu:<\/strong> sonata.urbone@mruni.eu<\/div>\n<div class=\"location-map block\"><strong>mob. tel.<\/strong> +370 600 69018<\/div>\n<div><\/div>\n<div><img loading=\"lazy\" decoding=\"async\" class=\"alignnone wp-image-552\" src=\"https:\/\/dev.mvg.mruni.eu\/wp-content\/uploads\/2025\/09\/Orange-White-Simple-Circle-Rice-Bowl-Logo-300x125.png\" alt=\"\" width=\"212\" height=\"88\" srcset=\"https:\/\/dev.mvg.mruni.eu\/wp-content\/uploads\/2025\/09\/Orange-White-Simple-Circle-Rice-Bowl-Logo-300x125.png 300w, https:\/\/dev.mvg.mruni.eu\/wp-content\/uploads\/2025\/09\/Orange-White-Simple-Circle-Rice-Bowl-Logo.png 359w\" sizes=\"auto, (max-width: 212px) 100vw, 212px\" \/><\/div>\n","protected":false},"excerpt":{"rendered":"<p>,,Patirtiniai mokymai: Efektyvi komunikacija\u201c Trukm\u0117: 4 akad. val. APIE LEKTOR\u0118 Prof. dr. Aist\u0117 Dromantait\u0117, ICF akredituota kou\u010dingo specialist\u0117 (ACC), psichoterapeut\u0117, Mykolo Romerio universiteto profesor\u0117. Daugiau nei 15 met\u0173 d\u0117sto lyderyst\u0117s, organizacin\u0117s elgsenos ir kou\u010dingo\u00a0 temomis, rengia vadov\u0173 ugdymo programas vie\u0161ajam ir priva\u010diam sektoriui, individualiai konsultuoja moksleivius karjeros klausimais. Tyrim\u0173 sritys \u2013 kou\u010dingo kult\u016bra organizacijose, emocinis [&hellip;]<\/p>\n","protected":false},"featured_media":1016,"comment_status":"open","ping_status":"closed","template":"","meta":[],"product_brand":[],"product_cat":[45,43],"product_tag":[],"class_list":{"0":"post-1014","1":"product","2":"type-product","3":"status-publish","4":"has-post-thumbnail","6":"product_cat-lyderyste","7":"product_cat-vadyba-ir-organizacine-psichologija","9":"first","10":"outofstock","11":"taxable","12":"shipping-taxable","13":"product-type-simple"},"_links":{"self":[{"href":"https:\/\/dev.mvg.mruni.eu\/index.php?rest_route=\/wp\/v2\/product\/1014","targetHints":{"allow":["GET"]}}],"collection":[{"href":"https:\/\/dev.mvg.mruni.eu\/index.php?rest_route=\/wp\/v2\/product"}],"about":[{"href":"https:\/\/dev.mvg.mruni.eu\/index.php?rest_route=\/wp\/v2\/types\/product"}],"replies":[{"embeddable":true,"href":"https:\/\/dev.mvg.mruni.eu\/index.php?rest_route=%2Fwp%2Fv2%2Fcomments&post=1014"}],"wp:featuredmedia":[{"embeddable":true,"href":"https:\/\/dev.mvg.mruni.eu\/index.php?rest_route=\/wp\/v2\/media\/1016"}],"wp:attachment":[{"href":"https:\/\/dev.mvg.mruni.eu\/index.php?rest_route=%2Fwp%2Fv2%2Fmedia&parent=1014"}],"wp:term":[{"taxonomy":"product_brand","embeddable":true,"href":"https:\/\/dev.mvg.mruni.eu\/index.php?rest_route=%2Fwp%2Fv2%2Fproduct_brand&post=1014"},{"taxonomy":"product_cat","embeddable":true,"href":"https:\/\/dev.mvg.mruni.eu\/index.php?rest_route=%2Fwp%2Fv2%2Fproduct_cat&post=1014"},{"taxonomy":"product_tag","embeddable":true,"href":"https:\/\/dev.mvg.mruni.eu\/index.php?rest_route=%2Fwp%2Fv2%2Fproduct_tag&post=1014"}],"curies":[{"name":"wp","href":"https:\/\/api.w.org\/{rel}","templated":true}]}}