{"id":8,"date":"2025-06-19T13:46:59","date_gmt":"2025-06-19T13:46:59","guid":{"rendered":"http:\/\/localhost\/mokymulab\/index.php\/cart\/"},"modified":"2025-09-18T08:07:51","modified_gmt":"2025-09-18T05:07:51","slug":"cart","status":"publish","type":"page","link":"https:\/\/dev.mvg.mruni.eu\/?page_id=8","title":{"rendered":"Krep\u0161elis"},"content":{"rendered":"\n<div data-block-name=\"woocommerce\/cart\" class=\"wp-block-woocommerce-cart alignwide is-loading\">\n<div data-block-name=\"woocommerce\/filled-cart-block\" class=\"wp-block-woocommerce-filled-cart-block\">\n<div data-block-name=\"woocommerce\/cart-items-block\" class=\"wp-block-woocommerce-cart-items-block\">\n<div data-block-name=\"woocommerce\/cart-line-items-block\" class=\"wp-block-woocommerce-cart-line-items-block\"><\/div>\n\n\n\n<div data-block-name=\"woocommerce\/cart-cross-sells-block\" class=\"wp-block-woocommerce-cart-cross-sells-block\">\n<h2 class=\"wp-block-heading has-large-font-size\">You may be interested in\u2026<\/h2>\n\n\n\n<div data-block-name=\"woocommerce\/cart-cross-sells-products-block\" class=\"wp-block-woocommerce-cart-cross-sells-products-block\"><\/div>\n<\/div>\n<\/div>\n\n\n\n<div data-block-name=\"woocommerce\/cart-totals-block\" class=\"wp-block-woocommerce-cart-totals-block\">\n<div data-block-name=\"woocommerce\/cart-order-summary-block\" class=\"wp-block-woocommerce-cart-order-summary-block\">\n<div data-block-name=\"woocommerce\/cart-order-summary-heading-block\" data-content=\"Krep\u0161elio skai\u010diavimas\" class=\"wp-block-woocommerce-cart-order-summary-heading-block\"><\/div>\n\n\n\n<div data-block-name=\"woocommerce\/cart-order-summary-coupon-form-block\" class=\"wp-block-woocommerce-cart-order-summary-coupon-form-block\"><\/div>\n\n\n\n<div data-block-name=\"woocommerce\/cart-order-summary-totals-block\" class=\"wp-block-woocommerce-cart-order-summary-totals-block\">\n<div data-block-name=\"woocommerce\/cart-order-summary-subtotal-block\" class=\"wp-block-woocommerce-cart-order-summary-subtotal-block\"><\/div>\n\n\n\n<div data-block-name=\"woocommerce\/cart-order-summary-fee-block\" class=\"wp-block-woocommerce-cart-order-summary-fee-block\"><\/div>\n\n\n\n<div data-block-name=\"woocommerce\/cart-order-summary-discount-block\" class=\"wp-block-woocommerce-cart-order-summary-discount-block\"><\/div>\n\n\n\n<div data-block-name=\"woocommerce\/cart-order-summary-shipping-block\" class=\"wp-block-woocommerce-cart-order-summary-shipping-block\"><\/div>\n\n\n\n<div data-block-name=\"woocommerce\/cart-order-summary-taxes-block\" class=\"wp-block-woocommerce-cart-order-summary-taxes-block\"><\/div>\n<\/div>\n<\/div>\n\n\n\n<div data-block-name=\"woocommerce\/cart-express-payment-block\" class=\"wp-block-woocommerce-cart-express-payment-block\"><\/div>\n\n\n\n<div data-block-name=\"woocommerce\/proceed-to-checkout-block\" class=\"wp-block-woocommerce-proceed-to-checkout-block\"><\/div>\n\n\n\n<div data-block-name=\"woocommerce\/cart-accepted-payment-methods-block\" class=\"wp-block-woocommerce-cart-accepted-payment-methods-block\"><\/div>\n<\/div>\n<\/div>\n\n\n\n<div data-block-name=\"woocommerce\/empty-cart-block\" class=\"wp-block-woocommerce-empty-cart-block\">\n<h2 class=\"wp-block-heading has-text-align-center with-empty-cart-icon wc-block-cart__empty-cart__title\">J\u016bs\u0173 krep\u0161elis tu\u0161\u010dias!<\/h2>\n\n\n\n<hr class=\"wp-block-separator has-alpha-channel-opacity is-style-dots\" \/>\n\n\n\n<h2 class=\"wp-block-heading has-text-align-center\">Naujausi mokymai<\/h2>\n\n\n<div data-block-name=\"woocommerce\/product-new\" data-columns=\"4\" data-rows=\"1\" class=\"wc-block-grid wp-block-product-new wp-block-woocommerce-product-new wc-block-product-new has-4-columns\"><ul class=\"wc-block-grid__products\"><li class=\"wc-block-grid__product\">\n\t\t\t\t<a href=\"https:\/\/dev.mvg.mruni.eu\/?product=asmens-gebejimu-vertinimo-procesas-socialinio-darbuotojo-vaidmuo-funkcijos-vertinimo-specifiskumas-8-akad-val-lekt-svajone-rainien\" class=\"wc-block-grid__product-link\">\n\t\t\t\t\t\n\t\t\t\t\t<div class=\"wc-block-grid__product-image\"><img loading=\"lazy\" decoding=\"async\" width=\"300\" height=\"300\" src=\"https:\/\/dev.mvg.mruni.eu\/wp-content\/uploads\/2026\/04\/people-meeting-community-center1-300x300.jpg\" class=\"attachment-woocommerce_thumbnail size-woocommerce_thumbnail\" alt=\"ASMENS GEB\u0116JIM\u0172 VERTINIMO PROCESAS: SOCIALINIO DARBUOTOJO VAIDMUO, FUNKCIJOS, VERTINIMO SPECIFI\u0160KUMAS (8 akad. val.) Lekt. Svajon\u0117 Rainien\" srcset=\"https:\/\/dev.mvg.mruni.eu\/wp-content\/uploads\/2026\/04\/people-meeting-community-center1-300x300.jpg 300w, https:\/\/dev.mvg.mruni.eu\/wp-content\/uploads\/2026\/04\/people-meeting-community-center1-150x150.jpg 150w, https:\/\/dev.mvg.mruni.eu\/wp-content\/uploads\/2026\/04\/people-meeting-community-center1-100x100.jpg 100w\" sizes=\"auto, (max-width: 300px) 100vw, 300px\" \/><\/div>\n\t\t\t\t\t<div class=\"wc-block-grid__product-title\">ASMENS GEB\u0116JIM\u0172 VERTINIMO PROCESAS: SOCIALINIO DARBUOTOJO VAIDMUO, FUNKCIJOS, VERTINIMO SPECIFI\u0160KUMAS (8 akad. val.) Lekt. Svajon\u0117 Rainien<\/div>\n\t\t\t\t<\/a>\n\t\t\t\t<div class=\"wc-block-grid__product-price price\"><\/div>\n\t\t\t\t\n\t\t\t\t<div class=\"wp-block-button wc-block-grid__product-add-to-cart\"><a href=\"https:\/\/dev.mvg.mruni.eu\/?product=asmens-gebejimu-vertinimo-procesas-socialinio-darbuotojo-vaidmuo-funkcijos-vertinimo-specifiskumas-8-akad-val-lekt-svajone-rainien\" aria-label=\"Daugiau informacijos apie &ldquo;ASMENS GEB\u0116JIM\u0172 VERTINIMO PROCESAS: SOCIALINIO DARBUOTOJO VAIDMUO, FUNKCIJOS, VERTINIMO SPECIFI\u0160KUMAS (8 akad. val.) Lekt. Svajon\u0117 Rainien&rdquo;\" data-quantity=\"1\" data-product_id=\"1541\" data-product_sku=\"\" data-price=\"0\" rel=\"nofollow\" class=\"wp-block-button__link  add_to_cart_button\">Daugiau<\/a><\/div>\n\t\t\t<\/li><li class=\"wc-block-grid__product\">\n\t\t\t\t<a href=\"https:\/\/dev.mvg.mruni.eu\/?product=nerimo-valdymas-per-kuna-nervu-sistemos-reguliacijos-pagrindai-8-akad-val-lekt-vasare-kardisauske\" class=\"wc-block-grid__product-link\">\n\t\t\t\t\t\n\t\t\t\t\t<div class=\"wc-block-grid__product-image\"><img loading=\"lazy\" decoding=\"async\" width=\"300\" height=\"300\" src=\"https:\/\/dev.mvg.mruni.eu\/wp-content\/uploads\/2026\/04\/listening-inner-self-meditation-calm-happy-relaxed-attractive-tanned-blonde-female1-300x300.jpg\" class=\"attachment-woocommerce_thumbnail size-woocommerce_thumbnail\" alt=\"NERIMO VALDYMAS PER K\u016aN\u0104: NERV\u0172 SISTEMOS REGULIACIJOS PAGRINDAI (8 akad. val.) Lekt. Vasar\u0117 Kardi\u0161ausk\u0117\" srcset=\"https:\/\/dev.mvg.mruni.eu\/wp-content\/uploads\/2026\/04\/listening-inner-self-meditation-calm-happy-relaxed-attractive-tanned-blonde-female1-300x300.jpg 300w, https:\/\/dev.mvg.mruni.eu\/wp-content\/uploads\/2026\/04\/listening-inner-self-meditation-calm-happy-relaxed-attractive-tanned-blonde-female1-150x150.jpg 150w, https:\/\/dev.mvg.mruni.eu\/wp-content\/uploads\/2026\/04\/listening-inner-self-meditation-calm-happy-relaxed-attractive-tanned-blonde-female1-100x100.jpg 100w\" sizes=\"auto, (max-width: 300px) 100vw, 300px\" \/><\/div>\n\t\t\t\t\t<div class=\"wc-block-grid__product-title\">NERIMO VALDYMAS PER K\u016aN\u0104: NERV\u0172 SISTEMOS REGULIACIJOS PAGRINDAI (8 akad. val.) Lekt. Vasar\u0117 Kardi\u0161ausk\u0117<\/div>\n\t\t\t\t<\/a>\n\t\t\t\t<div class=\"wc-block-grid__product-price price\"><\/div>\n\t\t\t\t\n\t\t\t\t<div class=\"wp-block-button wc-block-grid__product-add-to-cart\"><a href=\"https:\/\/dev.mvg.mruni.eu\/?product=nerimo-valdymas-per-kuna-nervu-sistemos-reguliacijos-pagrindai-8-akad-val-lekt-vasare-kardisauske\" aria-label=\"Daugiau informacijos apie &ldquo;NERIMO VALDYMAS PER K\u016aN\u0104: NERV\u0172 SISTEMOS REGULIACIJOS PAGRINDAI (8 akad. val.) Lekt. Vasar\u0117 Kardi\u0161ausk\u0117&rdquo;\" data-quantity=\"1\" data-product_id=\"1538\" data-product_sku=\"\" data-price=\"0\" rel=\"nofollow\" class=\"wp-block-button__link  add_to_cart_button\">Daugiau<\/a><\/div>\n\t\t\t<\/li><li class=\"wc-block-grid__product\">\n\t\t\t\t<a href=\"https:\/\/dev.mvg.mruni.eu\/?product=inovatyviu-pirmines-sveikatos-prieziuros-paslaugu-organizavimo-ir-teikimo-modeliu-diegimas-pacientams-sergantiems-dviem-ir-daugiau-letinemis-neinfekcinemis-ligomis-106-akad-val-lektoriai-prof-dr\" class=\"wc-block-grid__product-link\">\n\t\t\t\t\t\n\t\t\t\t\t<div class=\"wc-block-grid__product-image\"><img loading=\"lazy\" decoding=\"async\" width=\"300\" height=\"300\" src=\"https:\/\/dev.mvg.mruni.eu\/wp-content\/uploads\/2026\/03\/computer-tablet-hands-doctor-300x300.jpg\" class=\"attachment-woocommerce_thumbnail size-woocommerce_thumbnail\" alt=\"INOVATYVI\u0172 PIRMIN\u0116S SVEIKATOS PRIE\u017dI\u016aROS PASLAUG\u0172 ORGANIZAVIMO IR TEIKIMO MODELI\u0172 DIEGIMAS PACIENTAMS, SERGANTIEMS DVIEM IR DAUGIAU L\u0116TIN\u0116MIS NEINFEKCIN\u0116MIS LIGOMIS (106 akad. val.) Lektoriai Prof. dr. Danguol\u0117 Jankauskien\u0117, Prof. dr. Natalja Istomina, Ilona Ogurcova, Andrej Rudanov, Andrej Rudanov\" srcset=\"https:\/\/dev.mvg.mruni.eu\/wp-content\/uploads\/2026\/03\/computer-tablet-hands-doctor-300x300.jpg 300w, https:\/\/dev.mvg.mruni.eu\/wp-content\/uploads\/2026\/03\/computer-tablet-hands-doctor-150x150.jpg 150w, https:\/\/dev.mvg.mruni.eu\/wp-content\/uploads\/2026\/03\/computer-tablet-hands-doctor-100x100.jpg 100w\" sizes=\"auto, (max-width: 300px) 100vw, 300px\" \/><\/div>\n\t\t\t\t\t<div class=\"wc-block-grid__product-title\">INOVATYVI\u0172 PIRMIN\u0116S SVEIKATOS PRIE\u017dI\u016aROS PASLAUG\u0172 ORGANIZAVIMO IR TEIKIMO MODELI\u0172 DIEGIMAS PACIENTAMS, SERGANTIEMS DVIEM IR DAUGIAU L\u0116TIN\u0116MIS NEINFEKCIN\u0116MIS LIGOMIS (106 akad. val.) Lektoriai Prof. dr. Danguol\u0117 Jankauskien\u0117, Prof. dr. Natalja Istomina, Ilona Ogurcova, Andrej Rudanov, Andrej Rudanov<\/div>\n\t\t\t\t<\/a>\n\t\t\t\t<div class=\"wc-block-grid__product-price price\"><\/div>\n\t\t\t\t\n\t\t\t\t<div class=\"wp-block-button wc-block-grid__product-add-to-cart\"><a href=\"https:\/\/dev.mvg.mruni.eu\/?product=inovatyviu-pirmines-sveikatos-prieziuros-paslaugu-organizavimo-ir-teikimo-modeliu-diegimas-pacientams-sergantiems-dviem-ir-daugiau-letinemis-neinfekcinemis-ligomis-106-akad-val-lektoriai-prof-dr\" aria-label=\"Daugiau informacijos apie &ldquo;INOVATYVI\u0172 PIRMIN\u0116S SVEIKATOS PRIE\u017dI\u016aROS PASLAUG\u0172 ORGANIZAVIMO IR TEIKIMO MODELI\u0172 DIEGIMAS PACIENTAMS, SERGANTIEMS DVIEM IR DAUGIAU L\u0116TIN\u0116MIS NEINFEKCIN\u0116MIS LIGOMIS (106 akad. val.) Lektoriai Prof. dr. Danguol\u0117 Jankauskien\u0117, Prof. dr. Natalja Istomina, Ilona Ogurcova, Andrej Rudanov, Andrej Rudanov&rdquo;\" data-quantity=\"1\" data-product_id=\"1532\" data-product_sku=\"\" data-price=\"0\" rel=\"nofollow\" class=\"wp-block-button__link  add_to_cart_button\">Daugiau<\/a><\/div>\n\t\t\t<\/li><li class=\"wc-block-grid__product\">\n\t\t\t\t<a href=\"https:\/\/dev.mvg.mruni.eu\/?product=universalus-dizainas-nuo-formalaus-reglamentavimo-prie-praktinio-igyvendinimo-6-akad-val-lekt-ana-staseviciene\" class=\"wc-block-grid__product-link\">\n\t\t\t\t\t\n\t\t\t\t\t<div class=\"wc-block-grid__product-image\"><img loading=\"lazy\" decoding=\"async\" width=\"300\" height=\"300\" src=\"https:\/\/dev.mvg.mruni.eu\/wp-content\/uploads\/2026\/03\/close-up-hand-wheel1-300x300.jpg\" class=\"attachment-woocommerce_thumbnail size-woocommerce_thumbnail\" alt=\"UNIVERSALUS DIZAINAS: NUO FORMALAUS REGLAMENTAVIMO PRIE PRAKTINIO \u012eGYVENDINIMO (6 akad. val.) Lekt. Ana Sta\u0161evi\u010dien\u0117\" srcset=\"https:\/\/dev.mvg.mruni.eu\/wp-content\/uploads\/2026\/03\/close-up-hand-wheel1-300x300.jpg 300w, https:\/\/dev.mvg.mruni.eu\/wp-content\/uploads\/2026\/03\/close-up-hand-wheel1-150x150.jpg 150w, https:\/\/dev.mvg.mruni.eu\/wp-content\/uploads\/2026\/03\/close-up-hand-wheel1-100x100.jpg 100w\" sizes=\"auto, (max-width: 300px) 100vw, 300px\" \/><\/div>\n\t\t\t\t\t<div class=\"wc-block-grid__product-title\">UNIVERSALUS DIZAINAS: NUO FORMALAUS REGLAMENTAVIMO PRIE PRAKTINIO \u012eGYVENDINIMO (6 akad. val.) Lekt. Ana Sta\u0161evi\u010dien\u0117<\/div>\n\t\t\t\t<\/a>\n\t\t\t\t<div class=\"wc-block-grid__product-price price\"><\/div>\n\t\t\t\t\n\t\t\t\t<div class=\"wp-block-button wc-block-grid__product-add-to-cart\"><a href=\"https:\/\/dev.mvg.mruni.eu\/?product=universalus-dizainas-nuo-formalaus-reglamentavimo-prie-praktinio-igyvendinimo-6-akad-val-lekt-ana-staseviciene\" aria-label=\"Daugiau informacijos apie &ldquo;UNIVERSALUS DIZAINAS: NUO FORMALAUS REGLAMENTAVIMO PRIE PRAKTINIO \u012eGYVENDINIMO (6 akad. val.) Lekt. Ana Sta\u0161evi\u010dien\u0117&rdquo;\" data-quantity=\"1\" data-product_id=\"1528\" data-product_sku=\"\" data-price=\"0\" rel=\"nofollow\" class=\"wp-block-button__link  add_to_cart_button\">Daugiau<\/a><\/div>\n\t\t\t<\/li><\/ul><\/div><\/div>\n<\/div>\n","protected":false},"excerpt":{"rendered":"","protected":false},"author":1,"featured_media":0,"parent":0,"menu_order":0,"comment_status":"closed","ping_status":"closed","template":"","meta":{"footnotes":""},"class_list":["post-8","page","type-page","status-publish","hentry"],"_links":{"self":[{"href":"https:\/\/dev.mvg.mruni.eu\/index.php?rest_route=\/wp\/v2\/pages\/8","targetHints":{"allow":["GET"]}}],"collection":[{"href":"https:\/\/dev.mvg.mruni.eu\/index.php?rest_route=\/wp\/v2\/pages"}],"about":[{"href":"https:\/\/dev.mvg.mruni.eu\/index.php?rest_route=\/wp\/v2\/types\/page"}],"author":[{"embeddable":true,"href":"https:\/\/dev.mvg.mruni.eu\/index.php?rest_route=\/wp\/v2\/users\/1"}],"replies":[{"embeddable":true,"href":"https:\/\/dev.mvg.mruni.eu\/index.php?rest_route=%2Fwp%2Fv2%2Fcomments&post=8"}],"version-history":[{"count":4,"href":"https:\/\/dev.mvg.mruni.eu\/index.php?rest_route=\/wp\/v2\/pages\/8\/revisions"}],"predecessor-version":[{"id":557,"href":"https:\/\/dev.mvg.mruni.eu\/index.php?rest_route=\/wp\/v2\/pages\/8\/revisions\/557"}],"wp:attachment":[{"href":"https:\/\/dev.mvg.mruni.eu\/index.php?rest_route=%2Fwp%2Fv2%2Fmedia&parent=8"}],"curies":[{"name":"wp","href":"https:\/\/api.w.org\/{rel}","templated":true}]}}