{"id":198,"date":"2025-06-30T08:51:34","date_gmt":"2025-06-30T05:51:34","guid":{"rendered":"http:\/\/localhost\/mokymulab\/?page_id=198"},"modified":"2025-08-19T08:58:48","modified_gmt":"2025-08-19T05:58:48","slug":"privatumo-politika","status":"publish","type":"page","link":"https:\/\/dev.mvg.mruni.eu\/?page_id=198","title":{"rendered":"Privatumo politika"},"content":{"rendered":"\n<p><strong>MYKOLO ROMERIO UNIVERSITETO PRIVATUMO POLITIKA<\/strong><br><br>Mykolo Romerio universiteto (toliau \u2013 Universitetas) privatumo politika parengta vadovaujantis 2016 m. baland\u017eio 27 d. Europos Parlamento ir Tarybos reglamento (ES) 2016\/679 d\u0117l fizini\u0173 asmen\u0173 apsaugos tvarkant asmens duomenis ir d\u0117l laisvo toki\u0173 duomen\u0173 jud\u0117jimo ir kuriuo panaikinama Direktyva 95\/46\/EB (Bendrasis duomen\u0173 apsaugos reglamentas) (toliau \u2013 BDAR) ir Lietuvos Respublikos asmens duomen\u0173 teisin\u0117s apsaugos \u012fstatymo nuostatomis.<br>Universitetas siekia r\u016bpintis duomen\u0173 subjekto asmens duomen\u0173 apsauga ir privatumu.<br>\u0160i Universiteto privatumo politika (toliau \u2013 Politika) skirta informuoti, kaip ir kokiomis taisykl\u0117mis vadovaujantis, Universitetas tvarko naudotojo asmens duomenis.<\/p>\n\n\n\n<p><\/p>\n\n\n\n<p>BENDROSIOS NUOSTATOS<\/p>\n\n\n\n<p>1. \u0160ioje Politikoje vartojami terminai:<br>1.1. Asmens duomenys \u2013 bet kokia informacija apie fizin\u012f asmen\u012f, kurio tapatyb\u0117 nustatyta arba j\u0105 tiesiogiai arba netiesiogiai galima nustatyti pagal identifikatori\u0173, pavyzd\u017eiui, pagal vard\u0105 ir pavard\u0119, asmens identifikavimo numer\u012f, buvimo vietos duomenis ir interneto identifikatori\u0173 arba pagal vien\u0105 ar kelis to fizinio asmens fizin\u0117s, fiziologin\u0117s, genetin\u0117s, psichin\u0117s, ekonomin\u0117s, kult\u016brin\u0117s ar socialin\u0117s tapatyb\u0117s po\u017eymius.<br>1.2. Duomen\u0173 subjektas \u2013 fizinis asmuo, kurio asmens duomenys yra tvarkomi Universitete.<\/p>\n\n\n\n<p><\/p>\n\n\n\n<p>ASMENS DUOMEN\u0172 RINKIMO TIKSLAS<\/p>\n\n\n\n<p>2. Asmens duomenys Universitete tvarkomi studij\u0173 proceso, mokym\u0173 organizavimo ir vidaus administravimo tikslais. Asmens duomenys taip pat gali b\u016bti tvarkomi, siekiant u\u017etikrinti Universiteto turto, informacijos, darbuotoj\u0173, student\u0173 ir kit\u0173 tre\u010di\u0173j\u0173 asmen\u0173 saugum\u0105, u\u017ekirsti keli\u0105, kontroliuoti ir atskleisti neteis\u0117tas veiksmas bei u\u017etikrinti veiksming\u0105 toki\u0173 atvej\u0173 tyrim\u0105 (pavyzd\u017eiui, steb\u0117jimas vaizdo kameromis).<\/p>\n\n\n\n<p><\/p>\n\n\n\n<p>UNIVERSITETO RENKAMI ASMENS DUOMENYS<\/p>\n\n\n\n<p>3. Universitetas renka \u0161iuos duomen\u0173 subjekt\u0173 asmens duomenis:<br>3.1. pagrindinius asmens duomenis, tokius kaip vardas, pavard\u0117, asmens kodas, gimimo data, telefono numeris, el. pa\u0161to adresas, adresas;<br>3.2. \u016bkin\u0117s veiklos duomenis, tokius kaip darboviet\u0117 (darboviet\u0117s) ir jos kontaktiniai duomenys, pareigos, vykdomos funkcijos;<br>3.3. dokumentus, patvirtinan\u010dius kvalifikacij\u0105 ir patirt\u012f, tokius kaip diplomus, kvalifikacijos sertifikatus, pa\u017eym\u0117jimus, i\u0161ra\u0161us i\u0161 darbin\u0117s ar mokymosi veiklos istorijos, pa\u017eymius ir pan.;<br>3.4. duomenis apie vaikus;<br>3.5. finansinius duomenis, tokius kaip atsiskaitomosios s\u0105skaitos numeris, atlyginimo ir kit\u0173 i\u0161mok\u0173 dydis, duomenis apie stipendijas, pensij\u0173 kaupim\u0105;<br>3.6. vaizd\u0105 ir kitus \u012f steb\u0117jimo kamer\u0105 patenkan\u010dius duomenis;<br>3.7. duomenis apie Universiteto organizuojamos mokym\u0173 dalyvius, tokius kaip vardas, pavard\u0117, kontaktin\u0117 informacija (el. pa\u0161tas, telefonas), adresas, darboviet\u0117;<br>3.8. duomenis apie studentus, egzamin\u0173 ar \u012fskait\u0173 \u012fvertinimus, kitus studij\u0173 pasiekimus;<br>3.9. duomenis apie mokslin\u0119 veikl\u0105, asmen\u0173 dalyvavim\u0105 projektuose, konferencijose ir pan.<br>4. Universitetas turi teis\u0119 rinkti duomen\u0173 subjekto asmens duomenis, jei jis yra susij\u0119s su Universiteto klientais \u2013 juridiniais asmenimis, pavyzd\u017eiui, jei duomen\u0173 subjektas yra juridinio asmens:<br>4.1. vadovas;<br>4.2. akcininkas;<br>4.3. valdybos ar kito valdymo organo narys;<br>4.4. atstovas, veikiantis pagal \u012fgaliojim\u0105.<br>5. Taip pat renkami duomenis, kuriuos Universitet\u0105 \u012fpareigoja rinkti galiojantys teis\u0117s aktai.<\/p>\n\n\n\n<p><\/p>\n\n\n\n<p>ASMENS DUOMEN\u0172 TVARKYMO PRINCIPAI<\/p>\n\n\n\n<p>6. Universitetas asmens duomenis tvarko, vadovaudamasis \u0161iais principais:<br>6.1. teis\u0117tumo, s\u0105\u017einingumo ir skaidrumo \u2013 Universitetas asmens duomenis tvarko teis\u0117tais, s\u0105\u017einingais ir skaidriais b\u016bdais, kurie b\u016btini Universiteto veiklai vykdyti;<br>6.2. tikslo apribojimo \u2013 Universitetas, atsi\u017evelgdamas \u012f mokslo ir studij\u0173 institucij\u0173 veiklos ypatumus, asmens duomenis saugo ir naudoja pagal ai\u0161kiai apibr\u0117\u017etus tikslus;<br>6.3. duomen\u0173 kiekio ma\u017einimo \u2013 Universitetas periodi\u0161kai (numatoma atskiruose Universiteto vidaus teis\u0117s aktuose) per\u017ei\u016bri saugom\u0173, tvarkom\u0173 asmens duomen\u0173 apim\u010di\u0173 tikslingum\u0105;<br>6.4. tikslumo \u2013 pasteb\u0117jus, kad Universiteto saugomi, tvarkomi asmens duomenys reikalauja patikslinimo, korekcij\u0173, atnaujinim\u0173, Universitetas privalo atlikti atitinkamus pakeitimus;<br>saugojimo trukm\u0117s apribojimo \u2013 atskirais Universiteto vidaus teis\u0117s aktais nustatoma maksimali tvarkom\u0173 asmens duomen\u0173 saugojimo trukm\u0117;<br>6.6. vientisumo ir konfidencialumo \u2013 Universitetas r\u016bpinasi, kad b\u016bt\u0173 u\u017etikrintas tinkamas asmens duomen\u0173 saugumas, \u012fskaitant apsaug\u0105 nuo duomen\u0173 tvarkymo be leidimo arba neteis\u0117to duomen\u0173 tvarkymo ir nuo nety\u010dinio praradimo, sunaikinimo ar sugadinimo.<\/p>\n\n\n\n<p><\/p>\n\n\n\n<p>DUOMEN\u0172 SUBJEKTO TEIS\u0116S, SUSIJUSIOS SU ASMENS DUOMEN\u0172 APSAUGA<\/p>\n\n\n\n<p>7. I\u0161skyrus teis\u0117s aktuose numatytas i\u0161imtis, duomen\u0173 subjektas turi teis\u0119:<br>7.1. susipa\u017einti su Universiteto apie j\u012f surinktais ir saugomais duomenimis bei b\u016bdais, kuriais jie yra tvarkomi;<br>7.2. reikalauti, kad b\u016bt\u0173 i\u0161taisyti Universiteto apie j\u012f tvarkomi duomenys, jei jie yra netiksl\u016bs, klaidinantys;<br>7.3. reikalauti, kad b\u016bt\u0173 atnaujinti asmens duomenys, jei jie yra pasen\u0119;<br>7.4. papildyti asmens duomenis, kuriuos tvarko Universitetas;<br>7.5. nesutikti, kad b\u016bt\u0173 tvarkomi neprivalomi asmens duomenys.<br>8. Teis\u0117 b\u016bti pamir\u0161tam gali b\u016bti \u012fgyvendinama nepilna apimtimi tik BDAR ir kit\u0173 Lietuvos Respublikoje galiojan\u010di\u0173 teis\u0117s aktais numatytais atvejais.<br>9. Duomen\u0173 subjekto teis\u0117s n\u0117ra absoliu\u010dios, tod\u0117l vadovaujantis teis\u0117s akt\u0173 nuostatomis ir atsi\u017evelgiant \u012f kreipimosi turin\u012f d\u0117l teisi\u0173 \u012fgyvendinimo pagal kiekvien\u0105 kreipim\u0105si, bus priimamas atskiras sprendimas.<br>10. Kreiptis d\u0117l \u0161i\u0173 teisi\u0173 \u012fgyvendinimo turi teis\u0119 ir tinkamai \u012fgalioti asmenys.<\/p>\n\n\n\n<p><\/p>\n\n\n\n<p>ASMENS DUOMEN\u0172 APSAUG\u0104 REGLAMENTUOJANTYS TEIS\u0116S AKTAI<\/p>\n\n\n\n<p>11. Universitetas vie\u0161ai skelbia su asmens duomen\u0173 apsauga susijusius teis\u0117s aktus savo interneto svetain\u0117je adresu <a href=\"https:\/\/www.mruni.eu\/lt\/universitetas\/struktura\/dap\/teises-aktai\/\">https:\/\/www.mruni.eu\/lt\/universitetas\/struktura\/dap\/teises-aktai\/<\/a>.<\/p>\n\n\n\n<p><\/p>\n\n\n\n<p>DUOMEN\u0172 APSAUGOS PAREIG\u016aNAS<\/p>\n\n\n\n<p>12. I\u0161kilus klausimams d\u0117l \u0161ios Politikos ar su duomen\u0173 subjekto asmens duomen\u0173 apsauga susijusi\u0173 teisi\u0173 Universitete \u012fgyvendinimu, reik\u0117t\u0173 kreiptis \u012f Universiteto duomen\u0173 apsaugos pareig\u016bn\u0105 el. pa\u0161tu <a href=\"mailto:dap@mruni.eu\">dap@mruni.eu<\/a> arba pa\u0161tu adresu Ateities g. 20, LT-08303 Vilnius, lai\u0161k\u0105 adresuojant duomen\u0173 apsaugos pareig\u016bnui.<\/p>\n","protected":false},"excerpt":{"rendered":"<p>MYKOLO ROMERIO UNIVERSITETO PRIVATUMO POLITIKA Mykolo Romerio universiteto (toliau \u2013 Universitetas) privatumo politika parengta vadovaujantis 2016 m. baland\u017eio 27 d. Europos Parlamento ir Tarybos reglamento (ES) 2016\/679 d\u0117l fizini\u0173 asmen\u0173 apsaugos tvarkant asmens duomenis ir d\u0117l laisvo toki\u0173 duomen\u0173 jud\u0117jimo ir kuriuo panaikinama Direktyva 95\/46\/EB (Bendrasis duomen\u0173 apsaugos reglamentas) (toliau \u2013 BDAR) ir Lietuvos Respublikos [&hellip;]<\/p>\n","protected":false},"author":1,"featured_media":0,"parent":0,"menu_order":0,"comment_status":"closed","ping_status":"closed","template":"","meta":{"footnotes":""},"class_list":["post-198","page","type-page","status-publish","hentry"],"_links":{"self":[{"href":"https:\/\/dev.mvg.mruni.eu\/index.php?rest_route=\/wp\/v2\/pages\/198","targetHints":{"allow":["GET"]}}],"collection":[{"href":"https:\/\/dev.mvg.mruni.eu\/index.php?rest_route=\/wp\/v2\/pages"}],"about":[{"href":"https:\/\/dev.mvg.mruni.eu\/index.php?rest_route=\/wp\/v2\/types\/page"}],"author":[{"embeddable":true,"href":"https:\/\/dev.mvg.mruni.eu\/index.php?rest_route=\/wp\/v2\/users\/1"}],"replies":[{"embeddable":true,"href":"https:\/\/dev.mvg.mruni.eu\/index.php?rest_route=%2Fwp%2Fv2%2Fcomments&post=198"}],"version-history":[{"count":4,"href":"https:\/\/dev.mvg.mruni.eu\/index.php?rest_route=\/wp\/v2\/pages\/198\/revisions"}],"predecessor-version":[{"id":386,"href":"https:\/\/dev.mvg.mruni.eu\/index.php?rest_route=\/wp\/v2\/pages\/198\/revisions\/386"}],"wp:attachment":[{"href":"https:\/\/dev.mvg.mruni.eu\/index.php?rest_route=%2Fwp%2Fv2%2Fmedia&parent=198"}],"curies":[{"name":"wp","href":"https:\/\/api.w.org\/{rel}","templated":true}]}}